{"id":1861,"date":"2020-11-11T11:53:09","date_gmt":"2020-11-11T09:53:09","guid":{"rendered":"https:\/\/www.lesjouetsvoyageurs.com\/?post_type=product&#038;p=1861"},"modified":"2023-07-22T14:51:36","modified_gmt":"2023-07-22T12:51:36","slug":"jeu-dame-les-jouets-libres","status":"publish","type":"product","link":"https:\/\/www.lesjouetsvoyageurs.com\/location\/jouets\/jeu-dame-les-jouets-libres\/","title":{"rendered":"Jeu de dames \u00ab\u00a0Mesdames et Messieurs\u00a0\u00bb Les Jouets Libres"},"content":{"rendered":"<p>Dans son pochon en coton, ce jeu de dames s&#8217;emm\u00e8ne partout !<br \/>\nEt parce que tout le monde a le droit de s&rsquo;amuser, les pions messieurs sont aussi de la partie \ud83d\ude09<br \/>\nUn jeu amusant pour apprendre \u00e0 d\u00e9velopper une strat\u00e9gie et \u00e0 anticiper les mouvements de l&rsquo;autre joueur.<\/p>\n<p>Envie d&rsquo;en savoir plus sur les engagements de la marque?<br \/>\n\ud83d\udc49 <a href=\"http:\/\/www.lesjouetslibres.fr\/\" target=\"_blank\" rel=\"noopener noreferrer\">Consultez la pr\u00e9sentation des Jouets Libres.<\/a><\/p>\n<p>\ud83d\udc95 Fabriqu\u00e9 en France en bois de charme, dans le Jura.<\/p>\n<p>LE PRIX ABONN\u00c9 C&rsquo;EST QUOI?<br \/>\nVous avez un coup de coeur pour un jouet propos\u00e9 \u00e0 la location?<br \/>\nNous vous proposons de garder chaque jouet lou\u00e9 \u00e0 un prix pr\u00e9f\u00e9rentiel, clairement indiqu\u00e9 sur chaque fiche.<\/p>\n","protected":false},"excerpt":{"rendered":"<p>Un jeu de dame \u00e0 emmener partout dans son pochon en coton !<\/p>\n<p>\u2764 Jouet fabriqu\u00e9 en France dans le Jura \ud83c\uddeb\ud83c\uddf7<br \/>\n\u2764 Les messieurs sont aussi de la partie !<br \/>\n\u2764 Bois certifi\u00e9 FSC<\/p>\n","protected":false},"featured_media":1863,"template":"","meta":[],"product_cat":[15],"product_tag":[],"_links":{"self":[{"href":"https:\/\/www.lesjouetsvoyageurs.com\/location\/wp-json\/wp\/v2\/product\/1861"}],"collection":[{"href":"https:\/\/www.lesjouetsvoyageurs.com\/location\/wp-json\/wp\/v2\/product"}],"about":[{"href":"https:\/\/www.lesjouetsvoyageurs.com\/location\/wp-json\/wp\/v2\/types\/product"}],"wp:featuredmedia":[{"embeddable":true,"href":"https:\/\/www.lesjouetsvoyageurs.com\/location\/wp-json\/wp\/v2\/media\/1863"}],"wp:attachment":[{"href":"https:\/\/www.lesjouetsvoyageurs.com\/location\/wp-json\/wp\/v2\/media?parent=1861"}],"wp:term":[{"taxonomy":"product_cat","embeddable":true,"href":"https:\/\/www.lesjouetsvoyageurs.com\/location\/wp-json\/wp\/v2\/product_cat?post=1861"},{"taxonomy":"product_tag","embeddable":true,"href":"https:\/\/www.lesjouetsvoyageurs.com\/location\/wp-json\/wp\/v2\/product_tag?post=1861"}],"curies":[{"name":"wp","href":"https:\/\/api.w.org\/{rel}","templated":true}]}}