{"id":2076,"date":"2020-11-15T00:34:32","date_gmt":"2020-11-14T22:34:32","guid":{"rendered":"https:\/\/www.lesjouetsvoyageurs.com\/?post_type=product&#038;p=2076"},"modified":"2023-05-03T13:30:38","modified_gmt":"2023-05-03T11:30:38","slug":"circuit-descendeur-bois-plantoys","status":"publish","type":"product","link":"https:\/\/www.lesjouetsvoyageurs.com\/location\/jouets\/circuit-descendeur-bois-plantoys\/","title":{"rendered":"Circuit de voiture &#8211; descendeur en bois pour petites voitures Plan Toys"},"content":{"rendered":"<p>L&rsquo;enfant dispose les voitures en haut de la rampe et les observe lors de la descente. Un jouet qui d\u00e9veloppe la motricit\u00e9 fine et la coordination oeil \/ main. Les \u00e9l\u00e9ments fournis avec le descendeur bois le rendent tr\u00e8s int\u00e9ressant pour b\u00e9b\u00e9! Un petit panneau \u00e0 placer au d\u00e9but de la piste donne le d\u00e9part aux voitures. A l&rsquo;arriv\u00e9e, la piste peut \u00eatre prolong\u00e9e avec un \u00e9l\u00e9ment en bois qui s&#8217;embo\u00eete \u00e0 la fa\u00e7on d&rsquo;un puzzle et une petite barri\u00e8re permet de stopper la course des trois petites voitures si l&rsquo;enfant le souhaite. On appr\u00e9cie \u00e9galement les \u00e9l\u00e9ments de d\u00e9tail comme le damier peint \u00e0 l&rsquo;arriv\u00e9e.<\/p>\n<p>Envie d&rsquo;en savoir plus sur les engagements de la marque?<br \/>\n\ud83d\udc49 <a href=\"https:\/\/www.plantoys.com\/child-development\" target=\"_blank\" rel=\"noopener\">Consultez la pr\u00e9sentation de PlanToys.<\/a><\/p>\n<p><span style=\"font-size: 14.4px;\">\ud83d\udc95 Descendeur bois conseill\u00e9 \u00e0 partir de 18 mois.<\/span><\/p>\n<p>LE PRIX ABONN\u00c9 C&rsquo;EST QUOI?<br \/>\nVous avez un coup de coeur pour un jouet propos\u00e9 \u00e0 la location?<br \/>\nNous vous proposons de garder chaque jouet lou\u00e9 \u00e0 un prix pr\u00e9f\u00e9rentiel, clairement indiqu\u00e9 sur chaque fiche.<\/p>\n","protected":false},"excerpt":{"rendered":"<p>Un descendeur bois pour les enfants d\u00e8s 18 mois<\/p>\n<p>\u2764 Petites voitures fournies \ud83d\ude97<br \/>\n\u2764 D\u00e9veloppe la coordination oeil \/ main<br \/>\n\u2764 Fabriqu\u00e9 avec du bois d&rsquo;h\u00e9v\u00e9a durable<\/p>\n","protected":false},"featured_media":2079,"template":"","meta":[],"product_cat":[15],"product_tag":[],"_links":{"self":[{"href":"https:\/\/www.lesjouetsvoyageurs.com\/location\/wp-json\/wp\/v2\/product\/2076"}],"collection":[{"href":"https:\/\/www.lesjouetsvoyageurs.com\/location\/wp-json\/wp\/v2\/product"}],"about":[{"href":"https:\/\/www.lesjouetsvoyageurs.com\/location\/wp-json\/wp\/v2\/types\/product"}],"wp:featuredmedia":[{"embeddable":true,"href":"https:\/\/www.lesjouetsvoyageurs.com\/location\/wp-json\/wp\/v2\/media\/2079"}],"wp:attachment":[{"href":"https:\/\/www.lesjouetsvoyageurs.com\/location\/wp-json\/wp\/v2\/media?parent=2076"}],"wp:term":[{"taxonomy":"product_cat","embeddable":true,"href":"https:\/\/www.lesjouetsvoyageurs.com\/location\/wp-json\/wp\/v2\/product_cat?post=2076"},{"taxonomy":"product_tag","embeddable":true,"href":"https:\/\/www.lesjouetsvoyageurs.com\/location\/wp-json\/wp\/v2\/product_tag?post=2076"}],"curies":[{"name":"wp","href":"https:\/\/api.w.org\/{rel}","templated":true}]}}