{"id":2107,"date":"2020-11-16T19:03:40","date_gmt":"2020-11-16T17:03:40","guid":{"rendered":"https:\/\/www.lesjouetsvoyageurs.com\/?post_type=product&#038;p=2107"},"modified":"2023-10-16T20:10:06","modified_gmt":"2023-10-16T18:10:06","slug":"camion-puzzle-briki-vroom-vroom","status":"publish","type":"product","link":"https:\/\/www.lesjouetsvoyageurs.com\/location\/jouets\/camion-puzzle-briki-vroom-vroom\/","title":{"rendered":"Camion Puzzle Briki Vroom Vroom &#8211; diff\u00e9rents coloris disponibles"},"content":{"rendered":"<p>Un petit camion \u00e0 pousser avec un \u00e9l\u00e9ment amovible qui d\u00e9veloppera la motricit\u00e9 fine de b\u00e9b\u00e9.<br \/>\nIl est id\u00e9al pour stimuler la motricit\u00e9 fine, la motricit\u00e9 globale et stimuler l&rsquo;imagination \u00e0 partir de 18 mois environ.<\/p>\n<p>Il est fabriqu\u00e9 avec du bois d&rsquo;\u00e9rable de mani\u00e8re artisanale et peint \u00e0 la main.<br \/>\nImagin\u00e9 en France par <a href=\"https:\/\/brikivroomvroom.bigcartel.com\/qui-sommes-nous\" target=\"_blank\" rel=\"noopener\">Briki Vroom Vroom<\/a> et fabriqu\u00e9 en Pologne.<\/p>\n<p>Les nuances de teintes de bois et le grain varient naturellement et sensiblement sur chaque pi\u00e8ce.<br \/>\nLe camion puzzle que vous recevrez ne sera donc pas exactement identiques \u00e0 l&rsquo;image.<\/p>\n<h2><span style=\"font-size: 80%;\">Chaque camion puzzle Briki Vroom Vroom est unique!<\/span><\/h2>\n<p>Envie d&rsquo;en savoir plus sur les engagements de la marque?<br \/>\n\ud83d\udc49 Consultez la pr\u00e9sentation de <a href=\"https:\/\/www.lesjouetsvoyageurs.com\/location\/blog\/marque-jouets-briki-vroom-vroom\/\">Briki Vroom Vroom<\/a>.<\/p>\n<p>\ud83d\udc95 Chaque jouet est unique !<br \/>\nLes nuances de teintes de bois et le grain varient naturellement et sensiblement sur chaque pi\u00e8ce.<br \/>\nLa voiture existe en blanc, jaune et corail. Si vous avez une pr\u00e9f\u00e9rence, nous vous enverrons le coloris de votre choix s&rsquo;il est disponible : pr\u00e9cisez-le lors de la validation de votre commande !<\/p>\n<p>LE PRIX ABONN\u00c9 C&rsquo;EST QUOI?<br \/>\nVous avez un coup de coeur pour un jouet propos\u00e9 \u00e0 la location?<br \/>\nNous vous proposons de garder chaque jouet lou\u00e9 \u00e0 un prix pr\u00e9f\u00e9rentiel, clairement indiqu\u00e9 sur chaque fiche.<\/p>\n","protected":false},"excerpt":{"rendered":"<p>Deux pi\u00e8ces \u00e0 assembler pour obtenir un joli camion en bois !<\/p>\n<p>\u2764 Fabrication artisanale en Pologne<br \/>\n\u2764 Peint \u00e0 la main<br \/>\n\u2764 Bois d&rsquo;\u00e9rable issu de for\u00eats g\u00e9r\u00e9es durablement<br \/>\n\u2764 Vernis non toxique \u00e0 base d&rsquo;eau<\/p>\n","protected":false},"featured_media":795,"template":"","meta":[],"product_cat":[15],"product_tag":[],"_links":{"self":[{"href":"https:\/\/www.lesjouetsvoyageurs.com\/location\/wp-json\/wp\/v2\/product\/2107"}],"collection":[{"href":"https:\/\/www.lesjouetsvoyageurs.com\/location\/wp-json\/wp\/v2\/product"}],"about":[{"href":"https:\/\/www.lesjouetsvoyageurs.com\/location\/wp-json\/wp\/v2\/types\/product"}],"wp:featuredmedia":[{"embeddable":true,"href":"https:\/\/www.lesjouetsvoyageurs.com\/location\/wp-json\/wp\/v2\/media\/795"}],"wp:attachment":[{"href":"https:\/\/www.lesjouetsvoyageurs.com\/location\/wp-json\/wp\/v2\/media?parent=2107"}],"wp:term":[{"taxonomy":"product_cat","embeddable":true,"href":"https:\/\/www.lesjouetsvoyageurs.com\/location\/wp-json\/wp\/v2\/product_cat?post=2107"},{"taxonomy":"product_tag","embeddable":true,"href":"https:\/\/www.lesjouetsvoyageurs.com\/location\/wp-json\/wp\/v2\/product_tag?post=2107"}],"curies":[{"name":"wp","href":"https:\/\/api.w.org\/{rel}","templated":true}]}}