{"id":2118,"date":"2020-11-19T14:50:16","date_gmt":"2020-11-19T12:50:16","guid":{"rendered":"https:\/\/www.lesjouetsvoyageurs.com\/?post_type=product&#038;p=2118"},"modified":"2022-09-18T17:50:50","modified_gmt":"2022-09-18T15:50:50","slug":"rouleau-sonore-plan-toys","status":"publish","type":"product","link":"https:\/\/www.lesjouetsvoyageurs.com\/location\/jouets\/rouleau-sonore-plan-toys\/","title":{"rendered":"Grand rouleau sonore Plan Toys \u00e9volutif"},"content":{"rendered":"<p>Ce rouleau musical accompagne b\u00e9b\u00e9 dans ses premiers pas et peut \u00eatre propos\u00e9 \u00e0 partir de 10 mois.<br \/>\nLorsque la roue tourne, la petite clochette \u00e0 l&rsquo;int\u00e9rieur se met \u00e0 tinter et encourage b\u00e9b\u00e9 \u00e0 continuer !<br \/>\nLe rouleau peut \u00eatre ajust\u00e9 \u00e0 deux hauteurs diff\u00e9rentes pour \u00eatre parfaitement adapt\u00e9 \u00e0 la taille de votre enfant. Il est \u00e9galement possible de retirer les petites roues pour transformer le chariot de marche en jouet \u00e0 pousser.<\/p>\n<p>Envie d&rsquo;en savoir plus sur les engagements de la marque?<br \/>\n\ud83d\udc49 <a href=\"https:\/\/www.plantoys.com\/child-development\" target=\"_blank\" rel=\"noopener\">Consultez la pr\u00e9sentation de PlanToys.<\/a><\/p>\n<p><span style=\"font-size: 14.4px;\">\ud83d\udc95 Hauteur ajustable pour une meilleure prise en main<\/span>.<\/p>\n<p>LE PRIX ABONN\u00c9 C&rsquo;EST QUOI?<br \/>\nVous avez un coup de coeur pour un jouet propos\u00e9 \u00e0 la location?<br \/>\nNous vous proposons de garder chaque jouet lou\u00e9 \u00e0 un prix pr\u00e9f\u00e9rentiel, clairement indiqu\u00e9 sur chaque fiche.<\/p>\n","protected":false},"excerpt":{"rendered":"<p>Un chariot de marche \u00e9volutif et sonore<\/p>\n<p>\u2764 Accompagne b\u00e9b\u00e9 dans ses premiers pas \ud83c\udf89<br \/>\n\u2764 Possibilit\u00e9 d&rsquo;enlever les petites roues<br \/>\n\u2764 <span style=\"font-size: 14.4px;\">Bois d&rsquo;h\u00e9v\u00e9a durable \ud83c\udf3f<\/span><\/p>\n","protected":false},"featured_media":2122,"template":"","meta":[],"product_cat":[15],"product_tag":[],"_links":{"self":[{"href":"https:\/\/www.lesjouetsvoyageurs.com\/location\/wp-json\/wp\/v2\/product\/2118"}],"collection":[{"href":"https:\/\/www.lesjouetsvoyageurs.com\/location\/wp-json\/wp\/v2\/product"}],"about":[{"href":"https:\/\/www.lesjouetsvoyageurs.com\/location\/wp-json\/wp\/v2\/types\/product"}],"wp:featuredmedia":[{"embeddable":true,"href":"https:\/\/www.lesjouetsvoyageurs.com\/location\/wp-json\/wp\/v2\/media\/2122"}],"wp:attachment":[{"href":"https:\/\/www.lesjouetsvoyageurs.com\/location\/wp-json\/wp\/v2\/media?parent=2118"}],"wp:term":[{"taxonomy":"product_cat","embeddable":true,"href":"https:\/\/www.lesjouetsvoyageurs.com\/location\/wp-json\/wp\/v2\/product_cat?post=2118"},{"taxonomy":"product_tag","embeddable":true,"href":"https:\/\/www.lesjouetsvoyageurs.com\/location\/wp-json\/wp\/v2\/product_tag?post=2118"}],"curies":[{"name":"wp","href":"https:\/\/api.w.org\/{rel}","templated":true}]}}