{"id":2735,"date":"2020-12-10T10:06:42","date_gmt":"2020-12-10T08:06:42","guid":{"rendered":"https:\/\/www.lesjouetsvoyageurs.com\/?post_type=product&#038;p=2735"},"modified":"2023-07-22T14:51:36","modified_gmt":"2023-07-22T12:51:36","slug":"bascule-cercle-polaire-tenderleaf","status":"publish","type":"product","link":"https:\/\/www.lesjouetsvoyageurs.com\/location\/jouets\/bascule-cercle-polaire-tenderleaf\/","title":{"rendered":"Bascule du cercle polaire &#8211; TenderLeaf"},"content":{"rendered":"<p>Direction le cercle polaire avec ce jouet TenderLeaf \u00e0 partir de 3 ans. Tous les \u00e9l\u00e9ments doivent \u00eatre positionn\u00e9s sur le socle avec pr\u00e9caution pour \u00e9viter qu&rsquo;il ne bascule. L&rsquo;enfant s&rsquo;approprie la notion d&rsquo;\u00e9quilibre gr\u00e2ce \u00e0 ce jouet tr\u00e8s complet.<br \/>\nTous les habitants du cercle polaire sont pr\u00e9sents : une petite fille inuit avec sa canne \u00e0 p\u00eache, une baleine, un morse, un ours polaire, une mouette et deux pingouins \u00e0 placer autour (et sur) le grand iceberg.<\/p>\n<p>Un jouet po\u00e9tique en bois d&rsquo;h\u00e9v\u00e9a issu d&rsquo;une culture durable et responsable.<\/p>\n<p>Envie d&rsquo;en savoir plus sur les engagements de la marque?<br \/>\n\ud83d\udc49 Consultez la pr\u00e9sentation de TenderLeaf.<\/p>\n<p><span style=\"font-size: 14.4px;\">\ud83d\udc95 Un jouet po\u00e9tique qui nous plonge dans l&rsquo;univers du cercle polaire<\/span><\/p>\n<p>A proposer \u00e0 partir de 3 ans.<\/p>\n<p>LE PRIX ABONN\u00c9 C&rsquo;EST QUOI?<br \/>\nVous avez un coup de coeur pour un jouet propos\u00e9 \u00e0 la location?<br \/>\nNous vous proposons de garder chaque jouet lou\u00e9 \u00e0 un prix pr\u00e9f\u00e9rentiel, clairement indiqu\u00e9 sur chaque fiche.<\/p>\n","protected":false},"excerpt":{"rendered":"<p>Voyage dans le cercle polaire \u2744\ufe0f<\/p>\n<p>\u2764 Un univers po\u00e9tique pour les petits d\u00e8s 3 ans<br \/>\n\u2764 Permet l&rsquo;appropriation de la notion d&rsquo;\u00e9quilibre<br \/>\n\u2764 <span style=\"font-size: 14.4px;\">Bois d&rsquo;h\u00e9v\u00e9a durable \ud83c\udf3f<\/span><\/p>\n","protected":false},"featured_media":2737,"template":"","meta":[],"product_cat":[15],"product_tag":[],"_links":{"self":[{"href":"https:\/\/www.lesjouetsvoyageurs.com\/location\/wp-json\/wp\/v2\/product\/2735"}],"collection":[{"href":"https:\/\/www.lesjouetsvoyageurs.com\/location\/wp-json\/wp\/v2\/product"}],"about":[{"href":"https:\/\/www.lesjouetsvoyageurs.com\/location\/wp-json\/wp\/v2\/types\/product"}],"wp:featuredmedia":[{"embeddable":true,"href":"https:\/\/www.lesjouetsvoyageurs.com\/location\/wp-json\/wp\/v2\/media\/2737"}],"wp:attachment":[{"href":"https:\/\/www.lesjouetsvoyageurs.com\/location\/wp-json\/wp\/v2\/media?parent=2735"}],"wp:term":[{"taxonomy":"product_cat","embeddable":true,"href":"https:\/\/www.lesjouetsvoyageurs.com\/location\/wp-json\/wp\/v2\/product_cat?post=2735"},{"taxonomy":"product_tag","embeddable":true,"href":"https:\/\/www.lesjouetsvoyageurs.com\/location\/wp-json\/wp\/v2\/product_tag?post=2735"}],"curies":[{"name":"wp","href":"https:\/\/api.w.org\/{rel}","templated":true}]}}