{"id":2770,"date":"2020-12-10T14:17:27","date_gmt":"2020-12-10T12:17:27","guid":{"rendered":"https:\/\/www.lesjouetsvoyageurs.com\/?post_type=product&#038;p=2770"},"modified":"2021-10-22T17:40:37","modified_gmt":"2021-10-22T15:40:37","slug":"ginetta-porteur-jaune-fabrication-italienne-italtrike","status":"publish","type":"product","link":"https:\/\/www.lesjouetsvoyageurs.com\/location\/jouets\/ginetta-porteur-jaune-fabrication-italienne-italtrike\/","title":{"rendered":"\u00ab\u00a0Ginetta\u00a0\u00bb porteur jaune citron 1-4 ans &#8211; fabrication italienne Italtrike"},"content":{"rendered":"<p>Ce porteur est fabriqu\u00e9 en Italie par Italtrike, une marque de qualit\u00e9 reconnue pour la qualit\u00e9 de ses draisiennes et porteurs. Ce mod\u00e8le est sp\u00e9cialement con\u00e7u pour les enfants de 1 \u00e0 4 ans. Les roues tournent \u00e0 360\u00b0 pour faciliter les d\u00e9placements. Et il y a m\u00eame un emplacement pour doudou \u00e0 l&rsquo;arri\u00e8re !<\/p>\n<p>Envie d&rsquo;en savoir plus sur les engagements de la marque?<br \/>\n\ud83d\udc49 Consultez la pr\u00e9sentation de Italtrike.<\/p>\n<p><span style=\"font-size: 14.4px;\">\ud83d\udc95\u00a0 De 1 \u00e0 4 ans.<\/span><\/p>\n<p>LE PRIX ABONN\u00c9 C&rsquo;EST QUOI?<br \/>\nVous avez un coup de coeur pour un jouet propos\u00e9 \u00e0 la location?<br \/>\nNous vous proposons de garder chaque jouet lou\u00e9 \u00e0 un prix pr\u00e9f\u00e9rentiel, clairement indiqu\u00e9 sur chaque fiche.<\/p>\n","protected":false},"excerpt":{"rendered":"<p>On part \u00e0 l&rsquo;aventure?<\/p>\n<p>\u2764 A proposer de 1 an \u00e0 4 ans<br \/>\n\u2764 Fabriqu\u00e9 en Italie \ud83c\uddee\ud83c\uddf9<br \/>\n\u2764 On adore le petit look de ce bolide !<\/p>\n","protected":false},"featured_media":2772,"template":"","meta":[],"product_cat":[15],"product_tag":[],"_links":{"self":[{"href":"https:\/\/www.lesjouetsvoyageurs.com\/location\/wp-json\/wp\/v2\/product\/2770"}],"collection":[{"href":"https:\/\/www.lesjouetsvoyageurs.com\/location\/wp-json\/wp\/v2\/product"}],"about":[{"href":"https:\/\/www.lesjouetsvoyageurs.com\/location\/wp-json\/wp\/v2\/types\/product"}],"wp:featuredmedia":[{"embeddable":true,"href":"https:\/\/www.lesjouetsvoyageurs.com\/location\/wp-json\/wp\/v2\/media\/2772"}],"wp:attachment":[{"href":"https:\/\/www.lesjouetsvoyageurs.com\/location\/wp-json\/wp\/v2\/media?parent=2770"}],"wp:term":[{"taxonomy":"product_cat","embeddable":true,"href":"https:\/\/www.lesjouetsvoyageurs.com\/location\/wp-json\/wp\/v2\/product_cat?post=2770"},{"taxonomy":"product_tag","embeddable":true,"href":"https:\/\/www.lesjouetsvoyageurs.com\/location\/wp-json\/wp\/v2\/product_tag?post=2770"}],"curies":[{"name":"wp","href":"https:\/\/api.w.org\/{rel}","templated":true}]}}