{"id":2783,"date":"2020-12-10T15:40:40","date_gmt":"2020-12-10T13:40:40","guid":{"rendered":"https:\/\/www.lesjouetsvoyageurs.com\/?post_type=product&#038;p=2783"},"modified":"2022-10-19T20:06:19","modified_gmt":"2022-10-19T18:06:19","slug":"tapis-de-jeu-nomade-theme-californie-sabristi","status":"publish","type":"product","link":"https:\/\/www.lesjouetsvoyageurs.com\/location\/jouets\/tapis-de-jeu-nomade-theme-californie-sabristi\/","title":{"rendered":"Tapis de jeu nomade th\u00e8me Californie &#8211; Sabristi"},"content":{"rendered":"<p>Un tapis de jeu en coton Oeko-Tex con\u00e7u et fabriqu\u00e9 en France : \u00e0 emmener partout !<br \/>\nIl y a m\u00eame des pochettes qui permettent de ranger des petites voitures (non fournies). Un tapis de 48x68cm qui permet de d\u00e9couvrir la Californie, l&rsquo;oc\u00e9an, la f\u00eate forraine&#8230; Enjoy \ud83d\ude09<\/p>\n<p>Envie d&rsquo;en savoir plus sur les engagements de la marque?<br \/>\n\ud83d\udc49 Consultez la pr\u00e9sentation de Sabristi.<\/p>\n<p><span style=\"font-size: 14.4px;\">\ud83d\udc95\u00a0 A emmener partout, pour jouer partout!<\/span><\/p>\n<p>LE PRIX ABONN\u00c9 C&rsquo;EST QUOI?<br \/>\nVous avez un coup de coeur pour un jouet propos\u00e9 \u00e0 la location?<br \/>\nNous vous proposons de garder chaque jouet lou\u00e9 \u00e0 un prix pr\u00e9f\u00e9rentiel, clairement indiqu\u00e9 sur chaque fiche.<\/p>\n","protected":false},"excerpt":{"rendered":"<p>Un tapis Sabristi pour jouer partout, tout le temps!<\/p>\n<p>\u2764 Fabrication fran\u00e7aise \ud83c\uddeb\ud83c\uddf7<br \/>\n\u2764 Tissu en coton certifi\u00e9 Oeko-tex \ud83c\udf3f<br \/>\n\u2764 Un design qui fait voyager \ud83d\ude97<\/p>\n","protected":false},"featured_media":2777,"template":"","meta":[],"product_cat":[15],"product_tag":[],"_links":{"self":[{"href":"https:\/\/www.lesjouetsvoyageurs.com\/location\/wp-json\/wp\/v2\/product\/2783"}],"collection":[{"href":"https:\/\/www.lesjouetsvoyageurs.com\/location\/wp-json\/wp\/v2\/product"}],"about":[{"href":"https:\/\/www.lesjouetsvoyageurs.com\/location\/wp-json\/wp\/v2\/types\/product"}],"wp:featuredmedia":[{"embeddable":true,"href":"https:\/\/www.lesjouetsvoyageurs.com\/location\/wp-json\/wp\/v2\/media\/2777"}],"wp:attachment":[{"href":"https:\/\/www.lesjouetsvoyageurs.com\/location\/wp-json\/wp\/v2\/media?parent=2783"}],"wp:term":[{"taxonomy":"product_cat","embeddable":true,"href":"https:\/\/www.lesjouetsvoyageurs.com\/location\/wp-json\/wp\/v2\/product_cat?post=2783"},{"taxonomy":"product_tag","embeddable":true,"href":"https:\/\/www.lesjouetsvoyageurs.com\/location\/wp-json\/wp\/v2\/product_tag?post=2783"}],"curies":[{"name":"wp","href":"https:\/\/api.w.org\/{rel}","templated":true}]}}