{"id":3237,"date":"2020-12-16T16:29:23","date_gmt":"2020-12-16T14:29:23","guid":{"rendered":"https:\/\/www.lesjouetsvoyageurs.com\/?post_type=product&#038;p=3237"},"modified":"2023-08-19T10:23:59","modified_gmt":"2023-08-19T08:23:59","slug":"jeu-motricite-verger-haba","status":"publish","type":"product","link":"https:\/\/www.lesjouetsvoyageurs.com\/location\/jouets\/jeu-motricite-verger-haba\/","title":{"rendered":"Jeu de motricit\u00e9 Le Verger \u2013 Haba"},"content":{"rendered":"<p>Il y a deux mani\u00e8res de jouer seul ou ensemble. Avec le jeu libre, l&rsquo;enfant d\u00e9place le fruit et les fait glisser depuis la c\u00eeme de l&rsquo;arbre jusque dans le panier. Il est \u00e9galement possible de jouer en suivant une r\u00e8gle de jeu simple et en utilisant un d\u00e9. Accessible d\u00e8s 18 mois, ce jeu permet de se familiariser avec les fruits, les couleurs et de d\u00e9velopper sa motricit\u00e9 fine !<\/p>\n<p>Envie d&rsquo;en savoir plus sur les engagements de la marque?<br \/>\n\ud83d\udc49 Consultez la pr\u00e9sentation de Haba.<\/p>\n<p><span style=\"font-size: 14.4px;\">\ud83d\udc95 Stimule la motricit\u00e9 fine et la coordination oeil-main.<\/span><\/p>\n<p>Un jeu \u00e0 proposer \u00e0 partir de 18 mois en jeu libre.<\/p>\n<p>LE PRIX ABONN\u00c9 C&rsquo;EST QUOI?<br \/>\nVous avez un coup de coeur pour un jouet propos\u00e9 \u00e0 la location?<br \/>\nNous vous proposons de garder chaque jouet lou\u00e9 \u00e0 un prix pr\u00e9f\u00e9rentiel, clairement indiqu\u00e9 sur chaque fiche.<\/p>\n","protected":false},"excerpt":{"rendered":"<p>R\u00e9coltez les fruits du verger ! \ud83c\udf4e<\/p>\n<p>\u2764 D\u00e8s 18 mois en jeu libre<br \/>\n\u2764 Se joue aussi avec un d\u00e9 en suivant les r\u00e8gles simples<br \/>\n\u2764 Stimule la motricit\u00e9 fine et la coordination oeil-main<\/p>\n","protected":false},"featured_media":3240,"template":"","meta":[],"product_cat":[15],"product_tag":[],"_links":{"self":[{"href":"https:\/\/www.lesjouetsvoyageurs.com\/location\/wp-json\/wp\/v2\/product\/3237"}],"collection":[{"href":"https:\/\/www.lesjouetsvoyageurs.com\/location\/wp-json\/wp\/v2\/product"}],"about":[{"href":"https:\/\/www.lesjouetsvoyageurs.com\/location\/wp-json\/wp\/v2\/types\/product"}],"wp:featuredmedia":[{"embeddable":true,"href":"https:\/\/www.lesjouetsvoyageurs.com\/location\/wp-json\/wp\/v2\/media\/3240"}],"wp:attachment":[{"href":"https:\/\/www.lesjouetsvoyageurs.com\/location\/wp-json\/wp\/v2\/media?parent=3237"}],"wp:term":[{"taxonomy":"product_cat","embeddable":true,"href":"https:\/\/www.lesjouetsvoyageurs.com\/location\/wp-json\/wp\/v2\/product_cat?post=3237"},{"taxonomy":"product_tag","embeddable":true,"href":"https:\/\/www.lesjouetsvoyageurs.com\/location\/wp-json\/wp\/v2\/product_tag?post=3237"}],"curies":[{"name":"wp","href":"https:\/\/api.w.org\/{rel}","templated":true}]}}