{"id":3353,"date":"2020-12-17T16:49:04","date_gmt":"2020-12-17T14:49:04","guid":{"rendered":"https:\/\/www.lesjouetsvoyageurs.com\/?post_type=product&#038;p=3353"},"modified":"2022-09-18T17:20:22","modified_gmt":"2022-09-18T15:20:22","slug":"toupie-astro-egmont-toys","status":"publish","type":"product","link":"https:\/\/www.lesjouetsvoyageurs.com\/location\/jouets\/toupie-astro-egmont-toys\/","title":{"rendered":"Toupie Astro le robot &#8211; Egmont Toys"},"content":{"rendered":"<p>Une toupie en m\u00e9tal est un jouet intemporel qui plait toujours aux enfants. D\u00e9couvrez cette toupie de 18 cm de diam\u00e8tre sur le th\u00e8me de l&rsquo;espace avec le petit robot Astro. L&rsquo;enfant doit la poser sur son pied pour la stabiliser avant de tirer et appuyer sur le bouton pour la faire tourner.<\/p>\n<p>Lorsque l&rsquo;on donne suffisamment de vitesse \u00e0 la toupie Astro le Robot, elle produit un son qui fascine petits et grands !<\/p>\n<p>Envie d&rsquo;en savoir plus sur les engagements de la marque?<br \/>\n\ud83d\udc49 Consultez la pr\u00e9sentation de Egmont Toys.<\/p>\n<p><span style=\"font-size: 14.4px;\">\ud83d\udc95\u00a0 Des heures d&rsquo;amusement<\/span><\/p>\n<p>LE PRIX ABONN\u00c9 C&rsquo;EST QUOI?<br \/>\nVous avez un coup de coeur pour un jouet propos\u00e9 \u00e0 la location?<br \/>\nNous vous proposons de garder chaque jouet lou\u00e9 \u00e0 un prix pr\u00e9f\u00e9rentiel, clairement indiqu\u00e9 sur chaque fiche.<\/p>\n","protected":false},"excerpt":{"rendered":"<p>Toupie m\u00e9tal Astro le Robot d\u00e8s 10 mois<\/p>\n<p>\u2764 Un jouet intemporel<br \/>\n\u2764 Sur le th\u00e8me de l&rsquo;espace \ud83c\udf1f<br \/>\n\u2764 Pla\u00eet \u00e0 tous les \u00e2ges !<\/p>\n","protected":false},"featured_media":3354,"template":"","meta":[],"product_cat":[15],"product_tag":[],"_links":{"self":[{"href":"https:\/\/www.lesjouetsvoyageurs.com\/location\/wp-json\/wp\/v2\/product\/3353"}],"collection":[{"href":"https:\/\/www.lesjouetsvoyageurs.com\/location\/wp-json\/wp\/v2\/product"}],"about":[{"href":"https:\/\/www.lesjouetsvoyageurs.com\/location\/wp-json\/wp\/v2\/types\/product"}],"wp:featuredmedia":[{"embeddable":true,"href":"https:\/\/www.lesjouetsvoyageurs.com\/location\/wp-json\/wp\/v2\/media\/3354"}],"wp:attachment":[{"href":"https:\/\/www.lesjouetsvoyageurs.com\/location\/wp-json\/wp\/v2\/media?parent=3353"}],"wp:term":[{"taxonomy":"product_cat","embeddable":true,"href":"https:\/\/www.lesjouetsvoyageurs.com\/location\/wp-json\/wp\/v2\/product_cat?post=3353"},{"taxonomy":"product_tag","embeddable":true,"href":"https:\/\/www.lesjouetsvoyageurs.com\/location\/wp-json\/wp\/v2\/product_tag?post=3353"}],"curies":[{"name":"wp","href":"https:\/\/api.w.org\/{rel}","templated":true}]}}