{"id":3859,"date":"2020-12-29T15:22:07","date_gmt":"2020-12-29T13:22:07","guid":{"rendered":"https:\/\/www.lesjouetsvoyageurs.com\/?post_type=product&#038;p=3859"},"modified":"2023-03-23T17:08:05","modified_gmt":"2023-03-23T15:08:05","slug":"jeu-cartes-pays-des-petits-dragons-haba","status":"publish","type":"product","link":"https:\/\/www.lesjouetsvoyageurs.com\/location\/jouets\/jeu-cartes-pays-des-petits-dragons-haba\/","title":{"rendered":"Jeu de cartes Au pays des petits dragons HABA"},"content":{"rendered":"<p>Inspir\u00e9 du c\u00e9l\u00e8bre jeu des 7 familles, le Pays des Petits Dragons Haba peut se jouer d\u00e8s 4 ans avec 3 \u00e0 6 joueurs mais il existe aussi une variante pour jouer \u00e0 deux. Chaque famille de dragon a sa propre couleur et il faut r\u00e9unir 4 cartes pour qu&rsquo;elle soit compl\u00e8te en les demandant aux autres joueurs. Lorsqu&rsquo;une famille est compl\u00e8te, le joueur re\u00e7oit une pierre volcanique !<\/p>\n<p>Envie d&rsquo;en savoir plus sur les engagements de la marque?<br \/>\n\ud83d\udc49 Consultez la pr\u00e9sentation de Haba.<\/p>\n<p><span style=\"font-size: 14.4px;\">\ud83d\udc95 Un jeu inspir\u00e9 des 7 familles.<br \/>\nA proposer \u00e0 partir de 4 ans.<\/span><\/p>\n<p>Un jeu de soci\u00e9t\u00e9 fabriqu\u00e9 en Allemagne.<\/p>\n<p>LE PRIX ABONN\u00c9 C&rsquo;EST QUOI?<br \/>\nVous avez un coup de coeur pour un jouet propos\u00e9 \u00e0 la location?<br \/>\nNous vous proposons de garder chaque jouet lou\u00e9 \u00e0 un prix pr\u00e9f\u00e9rentiel, clairement indiqu\u00e9 sur chaque fiche.<\/p>\n","protected":false},"excerpt":{"rendered":"<p>Jeu de soci\u00e9t\u00e9 \u00e0 partir de 4 ans<\/p>\n<p>\u2764 Inspir\u00e9 par le c\u00e9l\u00e8bre jeu des 7 familles<br \/>\n\u2764 Variante de r\u00e8gles pour jouer \u00e0 deux<br \/>\n\u2764 A proposer aux enfants d\u00e8s 4 ans<\/p>\n","protected":false},"featured_media":3860,"template":"","meta":[],"product_cat":[15],"product_tag":[],"_links":{"self":[{"href":"https:\/\/www.lesjouetsvoyageurs.com\/location\/wp-json\/wp\/v2\/product\/3859"}],"collection":[{"href":"https:\/\/www.lesjouetsvoyageurs.com\/location\/wp-json\/wp\/v2\/product"}],"about":[{"href":"https:\/\/www.lesjouetsvoyageurs.com\/location\/wp-json\/wp\/v2\/types\/product"}],"wp:featuredmedia":[{"embeddable":true,"href":"https:\/\/www.lesjouetsvoyageurs.com\/location\/wp-json\/wp\/v2\/media\/3860"}],"wp:attachment":[{"href":"https:\/\/www.lesjouetsvoyageurs.com\/location\/wp-json\/wp\/v2\/media?parent=3859"}],"wp:term":[{"taxonomy":"product_cat","embeddable":true,"href":"https:\/\/www.lesjouetsvoyageurs.com\/location\/wp-json\/wp\/v2\/product_cat?post=3859"},{"taxonomy":"product_tag","embeddable":true,"href":"https:\/\/www.lesjouetsvoyageurs.com\/location\/wp-json\/wp\/v2\/product_tag?post=3859"}],"curies":[{"name":"wp","href":"https:\/\/api.w.org\/{rel}","templated":true}]}}