{"id":3865,"date":"2020-12-29T16:00:43","date_gmt":"2020-12-29T14:00:43","guid":{"rendered":"https:\/\/www.lesjouetsvoyageurs.com\/?post_type=product&#038;p=3865"},"modified":"2023-03-23T17:05:20","modified_gmt":"2023-03-23T15:05:20","slug":"jeu-a-toute-vapeur-haba","status":"publish","type":"product","link":"https:\/\/www.lesjouetsvoyageurs.com\/location\/jouets\/jeu-a-toute-vapeur-haba\/","title":{"rendered":"Jeu de soci\u00e9t\u00e9 A toute vapeur HABA d\u00e8s 5 ans"},"content":{"rendered":"<p><span style=\"font-size: 14.4px;\">Pour gagner au jeu \u00e0 toute vapeur Haba, chaque joueur doit accrocher un maximum de wagons derri\u00e8re sa locomotive. Mais ce n&rsquo;est pas simple, car certains wagons ne peuvent \u00eatre remorqu\u00e9s que s&rsquo;ils sont suffisamment nombreux. En cas d&rsquo;\u00e9galit\u00e9, on comptera le nombre de passagers dans chaque train !<\/span><\/p>\n<p>\ud83d\udc49 Consultez la pr\u00e9sentation de Haba.<\/p>\n<p><span style=\"font-size: 14.4px;\">\ud83d\udc95 Une r\u00e9glette \u00ab\u00a0voie ferr\u00e9e\u00a0\u00bb permet de comparer la longueur des trains des joueurs.<br \/>\nA proposer \u00e0 partir de 5 ans.<\/span><\/p>\n<p>Un jeu de soci\u00e9t\u00e9 fabriqu\u00e9 en Allemagne.<br \/>\nContient 1 plateau de jeu, 58 tuiles, 4 locomotives, 1 marqueur premier joueur, 1 r\u00e9glette et 1 r\u00e8gle de jeu.<\/p>\n<p>LE PRIX ABONN\u00c9 C&rsquo;EST QUOI?<br \/>\nVous avez un coup de coeur pour un jouet propos\u00e9 \u00e0 la location?<br \/>\nNous vous proposons de garder chaque jouet lou\u00e9 \u00e0 un prix pr\u00e9f\u00e9rentiel, clairement indiqu\u00e9 sur chaque fiche.<\/p>\n","protected":false},"excerpt":{"rendered":"<p>Jeu de soci\u00e9t\u00e9 \u00e0 partir de 5 ans<\/p>\n<p>\u2764 Avec une r\u00e9glette pour mesurer le train \ud83d\ude82<br \/>\n\u2764 D\u00e9veloppe la r\u00e9flexion de l&rsquo;enfant<br \/>\n\u2764 A proposer \u00e0 partir de 5 ans<\/p>\n","protected":false},"featured_media":3866,"template":"","meta":[],"product_cat":[15],"product_tag":[],"_links":{"self":[{"href":"https:\/\/www.lesjouetsvoyageurs.com\/location\/wp-json\/wp\/v2\/product\/3865"}],"collection":[{"href":"https:\/\/www.lesjouetsvoyageurs.com\/location\/wp-json\/wp\/v2\/product"}],"about":[{"href":"https:\/\/www.lesjouetsvoyageurs.com\/location\/wp-json\/wp\/v2\/types\/product"}],"wp:featuredmedia":[{"embeddable":true,"href":"https:\/\/www.lesjouetsvoyageurs.com\/location\/wp-json\/wp\/v2\/media\/3866"}],"wp:attachment":[{"href":"https:\/\/www.lesjouetsvoyageurs.com\/location\/wp-json\/wp\/v2\/media?parent=3865"}],"wp:term":[{"taxonomy":"product_cat","embeddable":true,"href":"https:\/\/www.lesjouetsvoyageurs.com\/location\/wp-json\/wp\/v2\/product_cat?post=3865"},{"taxonomy":"product_tag","embeddable":true,"href":"https:\/\/www.lesjouetsvoyageurs.com\/location\/wp-json\/wp\/v2\/product_tag?post=3865"}],"curies":[{"name":"wp","href":"https:\/\/api.w.org\/{rel}","templated":true}]}}