{"id":4166,"date":"2021-01-12T13:08:23","date_gmt":"2021-01-12T11:08:23","guid":{"rendered":"https:\/\/www.lesjouetsvoyageurs.com\/?post_type=product&#038;p=4166"},"modified":"2025-04-20T09:48:07","modified_gmt":"2025-04-20T07:48:07","slug":"triangle-musical-everearth","status":"publish","type":"product","link":"https:\/\/www.lesjouetsvoyageurs.com\/location\/jouets\/triangle-musical-everearth\/","title":{"rendered":"Triangle musical Everearth r\u00e9versible"},"content":{"rendered":"<p>Le triangle musical <a href=\"https:\/\/everearth-shop.eu\/\" target=\"_blank\" rel=\"noopener\">Everearth<\/a> comprend 6 \u00e9l\u00e9ments sonores r\u00e9partis sur deux faces r\u00e9versibles. 2 maillets permettent \u00e0 l&rsquo;enfant d&rsquo;exp\u00e9rimenter les effets sonores et sont retenus par des cordelettes.<\/p>\n<p>Le triangle musical Everearth est recommand\u00e9 pour les enfants de plus de 24 mois. Il est cependant adapt\u00e9 \u00e0 de plus jeunes enfants s&rsquo;ils sont accompagn\u00e9s dans leurs exp\u00e9rimentations par un adulte et restent en permanence sous sa supervision.<\/p>\n<p>Si votre enfant a plus de trois ans, nous vous invitons \u00e0 choisir un autre produit de notre gamme. Vous pouvez vous tourner vers les jouets d&rsquo;\u00e9veil musical que nous proposons pour cette tranche d&rsquo;\u00e2ge. Ils seront mieux adapt\u00e9s pour \u00e9veiller votre enfant \u00e0 la musique!<\/p>\n<p>Envie d&rsquo;en savoir plus sur les engagements de la marque?<br \/>\n\ud83d\udc49 Consultez la <a href=\"https:\/\/www.lesjouetsvoyageurs.com\/location\/blog\/jouets-everearth\/\">pr\u00e9sentation de Everearth<\/a>.<\/p>\n<p><span style=\"font-size: 14.4px;\">\ud83d\udc95 Deux faces r\u00e9versibles pour encore plus de d\u00e9couvertes !<\/span><\/p>\n<h2><span style=\"font-size: 80%;\">Le prix abonn\u00e9 du triangle musical Everearth, c&rsquo;est quoi?<\/span><\/h2>\n<p>Vous avez un coup de coeur pour un jouet propos\u00e9 \u00e0 la location?<br \/>\nNous vous proposons de garder chaque jouet lou\u00e9 \u00e0 un prix pr\u00e9f\u00e9rentiel, clairement indiqu\u00e9 sur chaque fiche.<\/p>\n","protected":false},"excerpt":{"rendered":"<p>Triangle musical Everearth \ud83c\udfb5<\/p>\n<p>\u2764 2 faces r\u00e9versibles<br \/>\n\u2764 6 \u00e9l\u00e9ments sonores \u00e0 exp\u00e9rimenter<br \/>\n\u2764 Les maillets sont retenus par une cordelette<br \/>\n\u2764 Conseill\u00e9 aux enfants d\u00e8s 2 ans<\/p>\n","protected":false},"featured_media":4169,"template":"","meta":[],"product_cat":[15],"product_tag":[],"_links":{"self":[{"href":"https:\/\/www.lesjouetsvoyageurs.com\/location\/wp-json\/wp\/v2\/product\/4166"}],"collection":[{"href":"https:\/\/www.lesjouetsvoyageurs.com\/location\/wp-json\/wp\/v2\/product"}],"about":[{"href":"https:\/\/www.lesjouetsvoyageurs.com\/location\/wp-json\/wp\/v2\/types\/product"}],"wp:featuredmedia":[{"embeddable":true,"href":"https:\/\/www.lesjouetsvoyageurs.com\/location\/wp-json\/wp\/v2\/media\/4169"}],"wp:attachment":[{"href":"https:\/\/www.lesjouetsvoyageurs.com\/location\/wp-json\/wp\/v2\/media?parent=4166"}],"wp:term":[{"taxonomy":"product_cat","embeddable":true,"href":"https:\/\/www.lesjouetsvoyageurs.com\/location\/wp-json\/wp\/v2\/product_cat?post=4166"},{"taxonomy":"product_tag","embeddable":true,"href":"https:\/\/www.lesjouetsvoyageurs.com\/location\/wp-json\/wp\/v2\/product_tag?post=4166"}],"curies":[{"name":"wp","href":"https:\/\/api.w.org\/{rel}","templated":true}]}}