{"id":4183,"date":"2021-01-13T12:52:24","date_gmt":"2021-01-13T10:52:24","guid":{"rendered":"https:\/\/www.lesjouetsvoyageurs.com\/?post_type=product&#038;p=4183"},"modified":"2022-09-18T17:13:31","modified_gmt":"2022-09-18T15:13:31","slug":"requin-a-tirer-everearth","status":"publish","type":"product","link":"https:\/\/www.lesjouetsvoyageurs.com\/location\/jouets\/requin-a-tirer-everearth\/","title":{"rendered":"Requin \u00e0 tirer Everearth"},"content":{"rendered":"<p>Ce requin \u00e0 tirer <a href=\"https:\/\/everearth-shop.eu\/\" target=\"_blank\" rel=\"noopener\">Everearth<\/a> peut \u00eatre propos\u00e9 aux enfants d\u00e8s 12 mois. Un compagnon original qui encourage la marche. B\u00e9b\u00e9 prendra rapidement plaisir \u00e0 le promener partout !<\/p>\n<p>La cordelette courte permet une utilisation du jouet en toute s\u00e9curit\u00e9. M\u00eame avant l&rsquo;acquisition de la marche, l&rsquo;enfant pourra le faire rouler et le trainer \u00e0 quatre pattes sous la surveillance d&rsquo;un adulte. L&rsquo;utilisation de couleurs \u00e0 base d&rsquo;eau et l&rsquo;absence de produits toxiques permet \u00e0 b\u00e9b\u00e9 de porter le jouet \u00e0 la bouche sans risque.<\/p>\n<p>Envie d&rsquo;en savoir plus sur les engagements de la marque?<br \/>\n\ud83d\udc49 Consultez la <a href=\"https:\/\/www.lesjouetsvoyageurs.com\/location\/blog\/jouets-everearth\/\">pr\u00e9sentation de Everearth<\/a>.<\/p>\n<p><span style=\"font-size: 14.4px;\">\ud83d\udc95 Des couleurs toutes douces.<\/span><\/p>\n<h2><span style=\"font-size: 80%;\">Qu&rsquo;est-ce que le prix abonn\u00e9 du requin \u00e0 tirer Everearth?<\/span><\/h2>\n<p>Vous avez un coup de coeur pour un jouet propos\u00e9 \u00e0 la location?<br \/>\nNous vous proposons de garder chaque jouet lou\u00e9 \u00e0 un prix pr\u00e9f\u00e9rentiel, clairement indiqu\u00e9 sur chaque fiche.<\/p>\n","protected":false},"excerpt":{"rendered":"<p>Requin \u00e0 tirer Everearth<\/p>\n<p>\u2764 Encourage b\u00e9b\u00e9 \u00e0 la marche<br \/>\n\u2764 Couleurs tr\u00e8s douces<br \/>\n\u2764 Compagnon de marche original<br \/>\n\u2764 Bois FSC et couleurs \u00e0 base d&rsquo;eau<\/p>\n","protected":false},"featured_media":4185,"template":"","meta":[],"product_cat":[15],"product_tag":[],"_links":{"self":[{"href":"https:\/\/www.lesjouetsvoyageurs.com\/location\/wp-json\/wp\/v2\/product\/4183"}],"collection":[{"href":"https:\/\/www.lesjouetsvoyageurs.com\/location\/wp-json\/wp\/v2\/product"}],"about":[{"href":"https:\/\/www.lesjouetsvoyageurs.com\/location\/wp-json\/wp\/v2\/types\/product"}],"wp:featuredmedia":[{"embeddable":true,"href":"https:\/\/www.lesjouetsvoyageurs.com\/location\/wp-json\/wp\/v2\/media\/4185"}],"wp:attachment":[{"href":"https:\/\/www.lesjouetsvoyageurs.com\/location\/wp-json\/wp\/v2\/media?parent=4183"}],"wp:term":[{"taxonomy":"product_cat","embeddable":true,"href":"https:\/\/www.lesjouetsvoyageurs.com\/location\/wp-json\/wp\/v2\/product_cat?post=4183"},{"taxonomy":"product_tag","embeddable":true,"href":"https:\/\/www.lesjouetsvoyageurs.com\/location\/wp-json\/wp\/v2\/product_tag?post=4183"}],"curies":[{"name":"wp","href":"https:\/\/api.w.org\/{rel}","templated":true}]}}