{"id":4216,"date":"2021-01-18T18:06:23","date_gmt":"2021-01-18T16:06:23","guid":{"rendered":"https:\/\/www.lesjouetsvoyageurs.com\/?post_type=product&#038;p=4216"},"modified":"2023-04-26T22:28:08","modified_gmt":"2023-04-26T20:28:08","slug":"jouet-pop-up-bois-everearth","status":"publish","type":"product","link":"https:\/\/www.lesjouetsvoyageurs.com\/location\/jouets\/jouet-pop-up-bois-everearth\/","title":{"rendered":"Jouet pop-up bois lapins Everearth"},"content":{"rendered":"<p>Le jouet pop-up bois avec ses b\u00e2tonnets lapins <a href=\"https:\/\/everearth-shop.eu\/\" target=\"_blank\" rel=\"noopener\">Everearth<\/a> plaira beaucoup aux petits d\u00e8s 18 mois. Si on appuie sur leur t\u00eate, les petits lapins sautent hors de leur terrier!<\/p>\n<p>Dans un premier temps, l&rsquo;enfant d\u00e9veloppe sa motricit\u00e9 fine en ins\u00e9rant les b\u00e2tonnets dans le jouet de mani\u00e8re al\u00e9atoire. Il remarque par la suite que chaque b\u00e2tonnet se diff\u00e9rencie \u00e9galement des autres par sa couleur et par sa taille.<\/p>\n<p>Le jouet comprend une base en bois et 4 b\u00e2tonnets.<\/p>\n<p>Envie d&rsquo;en savoir plus sur les engagements de la marque?<br \/>\n\ud83d\udc49 Consultez la <a href=\"https:\/\/www.lesjouetsvoyageurs.com\/location\/blog\/jouets-everearth\/\">pr\u00e9sentation de Everearth<\/a>.<\/p>\n<p><span style=\"font-size: 14.4px;\">\ud83d\udc95 Le jouet pop up bois d\u00e9veloppe la motricit\u00e9 fine et la reconnaissance des couleurs.<\/span><\/p>\n<h2><span style=\"font-size: 80%;\">Qu&rsquo;est-ce que le prix abonn\u00e9 du jouet pop-up bois?<\/span><\/h2>\n<p>Si vous avez envie de conserver ce jouet, vous b\u00e9n\u00e9ficiez d&rsquo;un tarif pr\u00e9f\u00e9rentiel : le tarif abonn\u00e9 qui est indiqu\u00e9 sur la fiche de pr\u00e9sentation de chaque jouet \u00e0 la location.<\/p>\n","protected":false},"excerpt":{"rendered":"<p>Jouet pop-up bois<\/p>\n<p>\u2764 4 b\u00e2tonnets lapins \ud83d\udc30<br \/>\n\u2764 D\u00e9veloppe la reconnaissance des couleurs<br \/>\n\u2764 Les petits lapins sautent hors de leur terrier<br \/>\n\u2764 Bois FSC et couleurs \u00e0 base d&rsquo;eau \ud83c\udf3f<\/p>\n","protected":false},"featured_media":4218,"template":"","meta":[],"product_cat":[15],"product_tag":[],"_links":{"self":[{"href":"https:\/\/www.lesjouetsvoyageurs.com\/location\/wp-json\/wp\/v2\/product\/4216"}],"collection":[{"href":"https:\/\/www.lesjouetsvoyageurs.com\/location\/wp-json\/wp\/v2\/product"}],"about":[{"href":"https:\/\/www.lesjouetsvoyageurs.com\/location\/wp-json\/wp\/v2\/types\/product"}],"wp:featuredmedia":[{"embeddable":true,"href":"https:\/\/www.lesjouetsvoyageurs.com\/location\/wp-json\/wp\/v2\/media\/4218"}],"wp:attachment":[{"href":"https:\/\/www.lesjouetsvoyageurs.com\/location\/wp-json\/wp\/v2\/media?parent=4216"}],"wp:term":[{"taxonomy":"product_cat","embeddable":true,"href":"https:\/\/www.lesjouetsvoyageurs.com\/location\/wp-json\/wp\/v2\/product_cat?post=4216"},{"taxonomy":"product_tag","embeddable":true,"href":"https:\/\/www.lesjouetsvoyageurs.com\/location\/wp-json\/wp\/v2\/product_tag?post=4216"}],"curies":[{"name":"wp","href":"https:\/\/api.w.org\/{rel}","templated":true}]}}