{"id":4219,"date":"2021-01-18T18:31:16","date_gmt":"2021-01-18T16:31:16","guid":{"rendered":"https:\/\/www.lesjouetsvoyageurs.com\/?post_type=product&#038;p=4219"},"modified":"2022-09-18T17:12:25","modified_gmt":"2022-09-18T15:12:25","slug":"hochet-crocodile-everearth","status":"publish","type":"product","link":"https:\/\/www.lesjouetsvoyageurs.com\/location\/jouets\/hochet-crocodile-everearth\/","title":{"rendered":"Hochet crocodile Everearth"},"content":{"rendered":"<p>Le hochet crocodile <a href=\"https:\/\/everearth-shop.eu\/\" target=\"_blank\" rel=\"noopener\">Everearth<\/a> peut \u00eatre propos\u00e9 aux b\u00e9b\u00e9s d\u00e8s 6 mois.<\/p>\n<p>Sa forme permet de l&rsquo;attraper facilement et avec ses couleurs \u00e0 base d&rsquo;eau, il peut \u00eatre port\u00e9 \u00e0 la bouche en toute s\u00e9curit\u00e9. Les pieds du crocodiles sont retenus par des cordelettes et bougent dans tous les sens lorsqu&rsquo;on secoue le hochet..<\/p>\n<p>Envie d&rsquo;en savoir plus sur les engagements de la marque?<br \/>\n\ud83d\udc49 Consultez la <a href=\"https:\/\/www.lesjouetsvoyageurs.com\/location\/blog\/jouets-everearth\/\">pr\u00e9sentation de Everearth<\/a>.<\/p>\n<p><span style=\"font-size: 14.4px;\">\ud83d\udc95 Un hochet en forme de crocodile original.<\/span><\/p>\n<h2><span style=\"font-size: 80%;\">A quoi correspond le le prix abonn\u00e9 du hochet crocodile Everearth?<\/span><\/h2>\n<p>Il s&rsquo;agit du tarif pr\u00e9f\u00e9rentiel r\u00e9serv\u00e9 aux abonn\u00e9s auquel il est possible d&rsquo;acheter le jouet si vous le souhaitez !<\/p>\n","protected":false},"excerpt":{"rendered":"<p>Hochet crocodile Everearth<\/p>\n<p>\u2764 Pour les petites mains d\u00e8s 6 mois<br \/>\n\u2764 Original avec sa forme de crocodile<br \/>\n\u2764 Bois FSC et couleurs \u00e0 base d&rsquo;eau \ud83c\udf3f<\/p>\n","protected":false},"featured_media":4221,"template":"","meta":[],"product_cat":[15],"product_tag":[],"_links":{"self":[{"href":"https:\/\/www.lesjouetsvoyageurs.com\/location\/wp-json\/wp\/v2\/product\/4219"}],"collection":[{"href":"https:\/\/www.lesjouetsvoyageurs.com\/location\/wp-json\/wp\/v2\/product"}],"about":[{"href":"https:\/\/www.lesjouetsvoyageurs.com\/location\/wp-json\/wp\/v2\/types\/product"}],"wp:featuredmedia":[{"embeddable":true,"href":"https:\/\/www.lesjouetsvoyageurs.com\/location\/wp-json\/wp\/v2\/media\/4221"}],"wp:attachment":[{"href":"https:\/\/www.lesjouetsvoyageurs.com\/location\/wp-json\/wp\/v2\/media?parent=4219"}],"wp:term":[{"taxonomy":"product_cat","embeddable":true,"href":"https:\/\/www.lesjouetsvoyageurs.com\/location\/wp-json\/wp\/v2\/product_cat?post=4219"},{"taxonomy":"product_tag","embeddable":true,"href":"https:\/\/www.lesjouetsvoyageurs.com\/location\/wp-json\/wp\/v2\/product_tag?post=4219"}],"curies":[{"name":"wp","href":"https:\/\/api.w.org\/{rel}","templated":true}]}}