{"id":4269,"date":"2021-01-20T21:20:01","date_gmt":"2021-01-20T19:20:01","guid":{"rendered":"https:\/\/www.lesjouetsvoyageurs.com\/?post_type=product&#038;p=4269"},"modified":"2023-02-22T14:06:54","modified_gmt":"2023-02-22T12:06:54","slug":"piano-baby-einstein-hape","status":"publish","type":"product","link":"https:\/\/www.lesjouetsvoyageurs.com\/location\/jouets\/piano-baby-einstein-hape\/","title":{"rendered":"Piano Baby Einstein Hape"},"content":{"rendered":"<p>Le piano Baby Einstein Hape peut \u00eatre utilis\u00e9 par les tout petits d\u00e8s 6 mois. En effet, il suffit d&rsquo;effleurer les touches pour produire de la musique, ce qui le rend tr\u00e8s simple d&rsquo;utilisation. Ce piano permettra d&rsquo;initier b\u00e9b\u00e9 \u00e0 la musique, tout en douceur. On appr\u00e9cie particuli\u00e8rement sa stabilit\u00e9 gr\u00e2ce \u00e0 ses pieds robustes.<\/p>\n<p>Pour les plus grands, plusieurs cartes sont fournies. Elles permettent de reproduire des m\u00e9lodies simples gr\u00e2ce aux touches color\u00e9es. Le piano Baby Einstein Hape est donc \u00e9volutif et conviendra \u00e0 des enfants de 6 mois \u00e0 4 ans.<\/p>\n<p>Envie d&rsquo;en savoir plus sur les engagements de la marque?<br \/>\n\ud83d\udc49 Consultez la pr\u00e9sentation de Hape.<\/p>\n<p><span style=\"font-size: 14.4px;\">\ud83d\udc95 Le premier piano de b\u00e9b\u00e9<\/span><\/p>\n<h2><span style=\"font-size: 80%;\">En cas de coup de coeur, gardez le Piano Baby Einstein Hape !\u00a0<\/span><\/h2>\n<p>Nous vous proposons de garder chaque jouet lou\u00e9 \u00e0 un prix pr\u00e9f\u00e9rentiel, clairement indiqu\u00e9 sur chaque fiche.<\/p>\n","protected":false},"excerpt":{"rendered":"<p>Piano tactile pour les tout petits<\/p>\n<p>\u2764 Produit des sons par simple \u00ab\u00a0effleurement\u00a0\u00bb des touches<br \/>\n\u2764 Produit un joli son de piano<br \/>\n\u2764 Accessible d\u00e8s 6 mois<\/p>\n","protected":false},"featured_media":4272,"template":"","meta":[],"product_cat":[15],"product_tag":[],"_links":{"self":[{"href":"https:\/\/www.lesjouetsvoyageurs.com\/location\/wp-json\/wp\/v2\/product\/4269"}],"collection":[{"href":"https:\/\/www.lesjouetsvoyageurs.com\/location\/wp-json\/wp\/v2\/product"}],"about":[{"href":"https:\/\/www.lesjouetsvoyageurs.com\/location\/wp-json\/wp\/v2\/types\/product"}],"wp:featuredmedia":[{"embeddable":true,"href":"https:\/\/www.lesjouetsvoyageurs.com\/location\/wp-json\/wp\/v2\/media\/4272"}],"wp:attachment":[{"href":"https:\/\/www.lesjouetsvoyageurs.com\/location\/wp-json\/wp\/v2\/media?parent=4269"}],"wp:term":[{"taxonomy":"product_cat","embeddable":true,"href":"https:\/\/www.lesjouetsvoyageurs.com\/location\/wp-json\/wp\/v2\/product_cat?post=4269"},{"taxonomy":"product_tag","embeddable":true,"href":"https:\/\/www.lesjouetsvoyageurs.com\/location\/wp-json\/wp\/v2\/product_tag?post=4269"}],"curies":[{"name":"wp","href":"https:\/\/api.w.org\/{rel}","templated":true}]}}