{"id":4286,"date":"2021-01-21T18:21:14","date_gmt":"2021-01-21T16:21:14","guid":{"rendered":"https:\/\/www.lesjouetsvoyageurs.com\/?post_type=product&#038;p=4286"},"modified":"2023-06-06T04:08:08","modified_gmt":"2023-06-06T02:08:08","slug":"set-de-sandwichs-en-bois","status":"publish","type":"product","link":"https:\/\/www.lesjouetsvoyageurs.com\/location\/jouets\/set-de-sandwichs-en-bois\/","title":{"rendered":"Set de sandwichs en bois"},"content":{"rendered":"<p>Pour jouer \u00e0 pr\u00e9parer des repas comme papa et maman, ce set de sandwichs en bois est parfait!<\/p>\n<p>Il comprend au total 17 pi\u00e8ces en bois \u00e9quip\u00e9es d&rsquo;un scratch pour pouvoir \u00eatre assembl\u00e9es les unes avec les autres. Le set de sandwichs en bois comprend donc : 1 plateau, 1 couteau, 4 tranches de pain enti\u00e8res, 2 demi-tranches de pain, 1 tranche de tomate, 2 feuilles de salade, 1 tranche de concombre, 2 tranches de fromage, 2 galettes et 1 bouteille de ketchup.<\/p>\n<p>Ce jouet de la marque Vertbaudet a \u00e9t\u00e9 contr\u00f4l\u00e9, nettoy\u00e9 et st\u00e9rilis\u00e9 pour avoir une nouvelle vie. Il est disponible en seulement quelques exemplaires sur notre site et, contrairement \u00e0 d&rsquo;autres marques, nous ne pourrons pas effectuer de r\u00e9assort en cas de rupture.<\/p>\n<p>\ud83d\udc49\u00a0 En savoir plus sur notre d\u00e9marche de r\u00e9emploi<span style=\"font-size: 14.4px;\">.<\/span><\/p>\n<p><span style=\"font-size: 14.4px;\">\ud83d\udc95 A proposer \u00e0 partir de 3 ans.<\/span><\/p>\n<p>LE PRIX ABONN\u00c9 C&rsquo;EST QUOI?<br \/>\nVous avez un coup de coeur pour un jouet propos\u00e9 \u00e0 la location?<br \/>\nNous vous proposons de garder chaque jouet lou\u00e9 \u00e0 un prix pr\u00e9f\u00e9rentiel, clairement indiqu\u00e9 sur chaque fiche.<\/p>\n","protected":false},"excerpt":{"rendered":"<p>Set de sandwichs en bois<\/p>\n<p>\u2764 Pour les enfants d\u00e8s 3 ans<br \/>\n\u2764 Les ingr\u00e9dients s&rsquo;assemblent avec un syst\u00e8me de scratch<br \/>\n\u2764 Tr\u00e8s complet avec 17 pi\u00e8ces en bois<\/p>\n","protected":false},"featured_media":4290,"template":"","meta":[],"product_cat":[15],"product_tag":[],"_links":{"self":[{"href":"https:\/\/www.lesjouetsvoyageurs.com\/location\/wp-json\/wp\/v2\/product\/4286"}],"collection":[{"href":"https:\/\/www.lesjouetsvoyageurs.com\/location\/wp-json\/wp\/v2\/product"}],"about":[{"href":"https:\/\/www.lesjouetsvoyageurs.com\/location\/wp-json\/wp\/v2\/types\/product"}],"wp:featuredmedia":[{"embeddable":true,"href":"https:\/\/www.lesjouetsvoyageurs.com\/location\/wp-json\/wp\/v2\/media\/4290"}],"wp:attachment":[{"href":"https:\/\/www.lesjouetsvoyageurs.com\/location\/wp-json\/wp\/v2\/media?parent=4286"}],"wp:term":[{"taxonomy":"product_cat","embeddable":true,"href":"https:\/\/www.lesjouetsvoyageurs.com\/location\/wp-json\/wp\/v2\/product_cat?post=4286"},{"taxonomy":"product_tag","embeddable":true,"href":"https:\/\/www.lesjouetsvoyageurs.com\/location\/wp-json\/wp\/v2\/product_tag?post=4286"}],"curies":[{"name":"wp","href":"https:\/\/api.w.org\/{rel}","templated":true}]}}