{"id":4354,"date":"2021-01-24T11:25:24","date_gmt":"2021-01-24T09:25:24","guid":{"rendered":"https:\/\/www.lesjouetsvoyageurs.com\/?post_type=product&#038;p=4354"},"modified":"2022-09-18T17:06:20","modified_gmt":"2022-09-18T15:06:20","slug":"gaufrier-en-bois","status":"publish","type":"product","link":"https:\/\/www.lesjouetsvoyageurs.com\/location\/jouets\/gaufrier-en-bois\/","title":{"rendered":"Gaufrier en bois pour enfants"},"content":{"rendered":"<p>Ce gaufrier en bois plaira beaucoup aux petits cuisiniers en herbe de 3 ans et plus. Ils seront ravis de pr\u00e9parer et servir des gaufres bien dor\u00e9es \u00e0 tous les gourmands.<\/p>\n<p>Cet ensemble comprend un gaufrier rouge, 4 gaufres, 4 fraises, 1 pince pour servir les gaufres et un sucrier. Tout est pr\u00e9vu pour imiter les grands et s&rsquo;inventer des histoires.<\/p>\n<p>Ce jouet a \u00e9t\u00e9 contr\u00f4l\u00e9, nettoy\u00e9 et st\u00e9rilis\u00e9 pour avoir une nouvelle vie. Il est disponible en seulement quelques exemplaires sur notre site et, contrairement \u00e0 d&rsquo;autres marques, nous ne pourrons pas effectuer de r\u00e9assort en cas de rupture.<\/p>\n<p>\ud83d\udc49\u00a0 En savoir plus sur notre d\u00e9marche de r\u00e9emploi<span style=\"font-size: 14.4px;\">.<\/span><\/p>\n<p><span style=\"font-size: 14.4px;\">\ud83d\udc95 Des gaufres, des fraises et un peu de sucre&#8230; Qui va se r\u00e9galer pour le go\u00fbter?<\/span><\/p>\n<p>LE PRIX ABONN\u00c9 C&rsquo;EST QUOI?<br \/>\nVous avez un coup de coeur pour un jouet propos\u00e9 \u00e0 la location?<br \/>\nNous vous proposons de garder chaque jouet lou\u00e9 \u00e0 un prix pr\u00e9f\u00e9rentiel, clairement indiqu\u00e9 sur chaque fiche.<\/p>\n","protected":false},"excerpt":{"rendered":"<p>Un gaufrier r\u00e9aliste pour les petits cuisiniers \ud83d\udc68\u200d\ud83c\udf73<\/p>\n<p>\u2764 Pour les enfants \u00e0 partir de 3 ans<br \/>\n\u2764 Avec du sucre et des fraises! \ud83c\udf53<br \/>\n\u2764 La pince d\u00e9veloppe la motricit\u00e9 fine<\/p>\n","protected":false},"featured_media":4356,"template":"","meta":[],"product_cat":[15],"product_tag":[],"_links":{"self":[{"href":"https:\/\/www.lesjouetsvoyageurs.com\/location\/wp-json\/wp\/v2\/product\/4354"}],"collection":[{"href":"https:\/\/www.lesjouetsvoyageurs.com\/location\/wp-json\/wp\/v2\/product"}],"about":[{"href":"https:\/\/www.lesjouetsvoyageurs.com\/location\/wp-json\/wp\/v2\/types\/product"}],"wp:featuredmedia":[{"embeddable":true,"href":"https:\/\/www.lesjouetsvoyageurs.com\/location\/wp-json\/wp\/v2\/media\/4356"}],"wp:attachment":[{"href":"https:\/\/www.lesjouetsvoyageurs.com\/location\/wp-json\/wp\/v2\/media?parent=4354"}],"wp:term":[{"taxonomy":"product_cat","embeddable":true,"href":"https:\/\/www.lesjouetsvoyageurs.com\/location\/wp-json\/wp\/v2\/product_cat?post=4354"},{"taxonomy":"product_tag","embeddable":true,"href":"https:\/\/www.lesjouetsvoyageurs.com\/location\/wp-json\/wp\/v2\/product_tag?post=4354"}],"curies":[{"name":"wp","href":"https:\/\/api.w.org\/{rel}","templated":true}]}}