{"id":4389,"date":"2021-02-02T14:36:02","date_gmt":"2021-02-02T12:36:02","guid":{"rendered":"https:\/\/www.lesjouetsvoyageurs.com\/?post_type=product&#038;p=4389"},"modified":"2025-04-28T12:40:59","modified_gmt":"2025-04-28T10:40:59","slug":"jeu-de-peche","status":"publish","type":"product","link":"https:\/\/www.lesjouetsvoyageurs.com\/location\/jouets\/jeu-de-peche\/","title":{"rendered":"Jeu de p\u00eache \u00e0 la ligne en bois"},"content":{"rendered":"<p>Ce jeu de p\u00eache \u00e0 la ligne en bois comprend 12 poissons et \u00e9toiles de mer. Deux cannes \u00e0 p\u00eache sont fournis pour jouer seul ou \u00e0 plusieurs. Tous les \u00e9l\u00e9ments se rangent facilement dans la bo\u00eete en bois dont le plateau coulisse.<\/p>\n<p>Ce jeu de p\u00eache \u00e0 la ligne est accessible d\u00e8s 2 ans. L&rsquo;enfant doit se concentrer et \u00eatre pr\u00e9cis dans ses mouvements pour p\u00eacher les petits poissons et les \u00e9toiles de mer. Une activit\u00e9 ludique qui d\u00e9veloppe sa coordination main-oeil.<\/p>\n<p><span style=\"font-size: 14.4px;\">\ud83d\udc95 Un joli jeu de p\u00eache \u00e0 la ligne multicolore.<\/span><\/p>\n<p>LE PRIX ABONN\u00c9 C&rsquo;EST QUOI?<br \/>\nVous avez un coup de coeur pour un jouet propos\u00e9 \u00e0 la location?<br \/>\nNous vous proposons de garder chaque jouet lou\u00e9 \u00e0 un prix pr\u00e9f\u00e9rentiel, clairement indiqu\u00e9 sur chaque fiche.<\/p>\n","protected":false},"excerpt":{"rendered":"<p>Jeu de p\u00eache \u00e0 la ligne en bois<\/p>\n<p>\u2764 Poissons et \u00e9toiles de mer multicolores \ud83d\udc20<br \/>\n\u2764 Tous les \u00e9l\u00e9ments se rangent dans la bo\u00eete en bois<br \/>\n\u2764 Se joue seul ou \u00e0 deux d\u00e8s 2 ans<\/p>\n","protected":false},"featured_media":4392,"template":"","meta":[],"product_cat":[15],"product_tag":[],"_links":{"self":[{"href":"https:\/\/www.lesjouetsvoyageurs.com\/location\/wp-json\/wp\/v2\/product\/4389"}],"collection":[{"href":"https:\/\/www.lesjouetsvoyageurs.com\/location\/wp-json\/wp\/v2\/product"}],"about":[{"href":"https:\/\/www.lesjouetsvoyageurs.com\/location\/wp-json\/wp\/v2\/types\/product"}],"wp:featuredmedia":[{"embeddable":true,"href":"https:\/\/www.lesjouetsvoyageurs.com\/location\/wp-json\/wp\/v2\/media\/4392"}],"wp:attachment":[{"href":"https:\/\/www.lesjouetsvoyageurs.com\/location\/wp-json\/wp\/v2\/media?parent=4389"}],"wp:term":[{"taxonomy":"product_cat","embeddable":true,"href":"https:\/\/www.lesjouetsvoyageurs.com\/location\/wp-json\/wp\/v2\/product_cat?post=4389"},{"taxonomy":"product_tag","embeddable":true,"href":"https:\/\/www.lesjouetsvoyageurs.com\/location\/wp-json\/wp\/v2\/product_tag?post=4389"}],"curies":[{"name":"wp","href":"https:\/\/api.w.org\/{rel}","templated":true}]}}