{"id":4403,"date":"2021-02-02T16:09:11","date_gmt":"2021-02-02T14:09:11","guid":{"rendered":"https:\/\/www.lesjouetsvoyageurs.com\/?post_type=product&#038;p=4403"},"modified":"2022-09-18T17:03:42","modified_gmt":"2022-09-18T15:03:42","slug":"5-animaux-a-lacer-en-bois","status":"publish","type":"product","link":"https:\/\/www.lesjouetsvoyageurs.com\/location\/jouets\/5-animaux-a-lacer-en-bois\/","title":{"rendered":"Ensemble de 5 animaux \u00e0 lacer en bois"},"content":{"rendered":"<p>Cet ensemble de 5 animaux \u00e0 lacer en bois contient un papillon, une chouette, un poussin, un panda et un ours. Vous trouverez \u00e9galement 5 lacets de couleur assortis aux diff\u00e9rents animaux.<\/p>\n<p>Chaque animal mesure 6 \u00e0 8 centim\u00e8tre de hauteur. Ins\u00e9rer les lacets demandera \u00e0 votre enfant de faire preuve de concentration et de pr\u00e9cision. Il pourra \u00e9galement se familiariser avec les couleurs en choisissant la couleur de lacet qui correspond \u00e0 la couleur de l&rsquo;animal. Nous vous conseillons de proposer ce jouet \u00e0 partir de 2 ans.<\/p>\n<p><span style=\"font-size: 14.4px;\">\ud83d\udc95 D\u00e9veloppe la motricit\u00e9 fine.<\/span><\/p>\n<p>LE PRIX ABONN\u00c9 C&rsquo;EST QUOI?<br \/>\nVous avez un coup de coeur pour un jouet propos\u00e9 \u00e0 la location?<br \/>\nNous vous proposons de garder chaque jouet lou\u00e9 \u00e0 un prix pr\u00e9f\u00e9rentiel, clairement indiqu\u00e9 sur chaque fiche.<\/p>\n","protected":false},"excerpt":{"rendered":"<p>PRIX BOUTIQUE : 10\u20ac<br \/>\nPRIX ABONN\u00c9 : 6\u20ac<\/p>\n<p>5 animaux \u00e0 lacer en bois<\/p>\n<p>\u2764 N\u00e9cessite concentration et pr\u00e9cision<br \/>\n\u2764 Pour les enfants de 2 ans et plus<br \/>\n\u2764 Coloris des lacets assortis aux animaux<\/p>\n","protected":false},"featured_media":4404,"template":"","meta":[],"product_cat":[15],"product_tag":[],"_links":{"self":[{"href":"https:\/\/www.lesjouetsvoyageurs.com\/location\/wp-json\/wp\/v2\/product\/4403"}],"collection":[{"href":"https:\/\/www.lesjouetsvoyageurs.com\/location\/wp-json\/wp\/v2\/product"}],"about":[{"href":"https:\/\/www.lesjouetsvoyageurs.com\/location\/wp-json\/wp\/v2\/types\/product"}],"wp:featuredmedia":[{"embeddable":true,"href":"https:\/\/www.lesjouetsvoyageurs.com\/location\/wp-json\/wp\/v2\/media\/4404"}],"wp:attachment":[{"href":"https:\/\/www.lesjouetsvoyageurs.com\/location\/wp-json\/wp\/v2\/media?parent=4403"}],"wp:term":[{"taxonomy":"product_cat","embeddable":true,"href":"https:\/\/www.lesjouetsvoyageurs.com\/location\/wp-json\/wp\/v2\/product_cat?post=4403"},{"taxonomy":"product_tag","embeddable":true,"href":"https:\/\/www.lesjouetsvoyageurs.com\/location\/wp-json\/wp\/v2\/product_tag?post=4403"}],"curies":[{"name":"wp","href":"https:\/\/api.w.org\/{rel}","templated":true}]}}