{"id":4796,"date":"2021-02-10T19:10:00","date_gmt":"2021-02-10T17:10:00","guid":{"rendered":"https:\/\/www.lesjouetsvoyageurs.com\/?post_type=product&#038;p=4796"},"modified":"2022-09-18T17:01:51","modified_gmt":"2022-09-18T15:01:51","slug":"fruits-en-bois-a-lacer","status":"publish","type":"product","link":"https:\/\/www.lesjouetsvoyageurs.com\/location\/jouets\/fruits-en-bois-a-lacer\/","title":{"rendered":"Fruits en bois \u00e0 lacer"},"content":{"rendered":"<p>Cet ensemble de gros fruits en bois \u00e0 lacer comprend une tranche de past\u00e8que, une banane, une pomme, une poire, une fraise, un citron et une orange.<\/p>\n<p>Les 7 vari\u00e9t\u00e9s de fruits peuvent \u00eatre enfil\u00e9es sur le lacet qui est muni d&rsquo;une grosse aiguille en bois. Les fruits sont retenus par une but\u00e9e en bois qui les emp\u00eache de tomber. Les fruits peuvent \u00e9galement \u00eatre utilis\u00e9s en jeu libre, pour jouer \u00e0 la dinette par exemple.<\/p>\n<p>Le lacet fournit mesure 90 cm, il ne faut donc jamais laisser ce jouet \u00e0 un enfant de moins de 3 ans sans une surveillance attentive.<br \/>\nCe jeu est adapt\u00e9 pour les enfants de 3 \u00e0 5 ans.<\/p>\n<p><span style=\"font-size: 14.4px;\">\ud83d\udc95 La belle taille des fruits en bois !<\/span><\/p>\n<p>LE PRIX ABONN\u00c9 C&rsquo;EST QUOI?<br \/>\nVous avez un coup de coeur pour un jouet propos\u00e9 \u00e0 la location?<br \/>\nNous vous proposons de garder chaque jouet lou\u00e9 \u00e0 un prix pr\u00e9f\u00e9rentiel, clairement indiqu\u00e9 sur chaque fiche.<\/p>\n","protected":false},"excerpt":{"rendered":"<p>7 fruits en bois \u00e0 lacer<\/p>\n<p>\u2764 Fruits en bois<br \/>\n\u2764 Belle taille qui facilite la prise en main<br \/>\n\u2764 Permet aussi de jouer \u00e0 la dinette<\/p>\n","protected":false},"featured_media":4797,"template":"","meta":[],"product_cat":[15],"product_tag":[],"_links":{"self":[{"href":"https:\/\/www.lesjouetsvoyageurs.com\/location\/wp-json\/wp\/v2\/product\/4796"}],"collection":[{"href":"https:\/\/www.lesjouetsvoyageurs.com\/location\/wp-json\/wp\/v2\/product"}],"about":[{"href":"https:\/\/www.lesjouetsvoyageurs.com\/location\/wp-json\/wp\/v2\/types\/product"}],"wp:featuredmedia":[{"embeddable":true,"href":"https:\/\/www.lesjouetsvoyageurs.com\/location\/wp-json\/wp\/v2\/media\/4797"}],"wp:attachment":[{"href":"https:\/\/www.lesjouetsvoyageurs.com\/location\/wp-json\/wp\/v2\/media?parent=4796"}],"wp:term":[{"taxonomy":"product_cat","embeddable":true,"href":"https:\/\/www.lesjouetsvoyageurs.com\/location\/wp-json\/wp\/v2\/product_cat?post=4796"},{"taxonomy":"product_tag","embeddable":true,"href":"https:\/\/www.lesjouetsvoyageurs.com\/location\/wp-json\/wp\/v2\/product_tag?post=4796"}],"curies":[{"name":"wp","href":"https:\/\/api.w.org\/{rel}","templated":true}]}}