{"id":4799,"date":"2021-02-10T19:31:58","date_gmt":"2021-02-10T17:31:58","guid":{"rendered":"https:\/\/www.lesjouetsvoyageurs.com\/?post_type=product&#038;p=4799"},"modified":"2022-12-04T21:47:53","modified_gmt":"2022-12-04T19:47:53","slug":"blocs-miroir-tickit","status":"publish","type":"product","link":"https:\/\/www.lesjouetsvoyageurs.com\/location\/jouets\/blocs-miroir-tickit\/","title":{"rendered":"8 blocs miroir en bois d&rsquo;hev\u00e9a"},"content":{"rendered":"<p>Ces 8 blocs miroir en bois d&rsquo;h\u00e9v\u00e9a pr\u00e9sentent un miroir en acrylique incassable sur chaque face. Ils permettent \u00e0 l&rsquo;enfant de r\u00e9aliser des empilements et des jeux de reflets. Ces blocs de construction peuvent \u00eatre propos\u00e9s d\u00e8s 12 mois.<\/p>\n<p><span style=\"font-size: 14.4px;\">\ud83d\udc95 Compl\u00e9mentaires aux <a href=\"\/jouets\/blocs-sensoriels-tickit\/\">blocs sensoriels Tickit<\/a> que nous proposons \u00e9galement \u00e0 la location et dont la taille des blocs est identique.\u00a0<\/span><\/p>\n<p>LE PRIX ABONN\u00c9 C&rsquo;EST QUOI?<br \/>\nVous avez un coup de coeur pour un jouet propos\u00e9 \u00e0 la location?<br \/>\nNous vous proposons de garder chaque jouet lou\u00e9 \u00e0 un prix pr\u00e9f\u00e9rentiel, clairement indiqu\u00e9 sur chaque fiche.<\/p>\n","protected":false},"excerpt":{"rendered":"<p>8 blocs miroir Tickit<\/p>\n<p>\u2764 Bois d&rsquo;h\u00e9v\u00e9a durable<br \/>\n\u2764 Miroir acrylique incassable<br \/>\n\u2764 Permet de r\u00e9aliser des jeux de reflets<\/p>\n","protected":false},"featured_media":4804,"template":"","meta":[],"product_cat":[15],"product_tag":[],"_links":{"self":[{"href":"https:\/\/www.lesjouetsvoyageurs.com\/location\/wp-json\/wp\/v2\/product\/4799"}],"collection":[{"href":"https:\/\/www.lesjouetsvoyageurs.com\/location\/wp-json\/wp\/v2\/product"}],"about":[{"href":"https:\/\/www.lesjouetsvoyageurs.com\/location\/wp-json\/wp\/v2\/types\/product"}],"wp:featuredmedia":[{"embeddable":true,"href":"https:\/\/www.lesjouetsvoyageurs.com\/location\/wp-json\/wp\/v2\/media\/4804"}],"wp:attachment":[{"href":"https:\/\/www.lesjouetsvoyageurs.com\/location\/wp-json\/wp\/v2\/media?parent=4799"}],"wp:term":[{"taxonomy":"product_cat","embeddable":true,"href":"https:\/\/www.lesjouetsvoyageurs.com\/location\/wp-json\/wp\/v2\/product_cat?post=4799"},{"taxonomy":"product_tag","embeddable":true,"href":"https:\/\/www.lesjouetsvoyageurs.com\/location\/wp-json\/wp\/v2\/product_tag?post=4799"}],"curies":[{"name":"wp","href":"https:\/\/api.w.org\/{rel}","templated":true}]}}