{"id":4826,"date":"2021-02-11T15:30:17","date_gmt":"2021-02-11T13:30:17","guid":{"rendered":"https:\/\/www.lesjouetsvoyageurs.com\/?post_type=product&#038;p=4826"},"modified":"2023-02-10T22:11:37","modified_gmt":"2023-02-10T20:11:37","slug":"memo-sonore-tickit","status":"publish","type":"product","link":"https:\/\/www.lesjouetsvoyageurs.com\/location\/jouets\/memo-sonore-tickit\/","title":{"rendered":"M\u00e9mo sonore en bois d&rsquo;h\u00e9v\u00e9a 12 pi\u00e8ces Tickit"},"content":{"rendered":"<p>Voici un m\u00e9mo sonore comprenant 6 paires de prismes sonores en bois d&rsquo;h\u00e9v\u00e9a. Chaque paire est identifiable par le son produit et par la couleur de la note de musique du prisme.<\/p>\n<p>Ce sont donc au total 12 blocs qui composent cet ensemble et favoriseront l&rsquo;\u00e9veil des tout-petits. Ce m\u00e9mo sonore pourra tout aussi bien servir \u00e0 la r\u00e9alisation de constructions simples qu&rsquo;\u00e0 la reconnaissance des sons.<\/p>\n<p>Chaque bloc mesure 6 centim\u00e8tre de c\u00f4t\u00e9 et 5 centim\u00e8tres de hauteur. Ils peuvent \u00eatre propos\u00e9s aux enfants \u00e0 partir de 18 mois.<\/p>\n<p><span style=\"font-size: 14.4px;\">\ud83d\udc95 \u00a0<\/span><\/p>\n<p>LE PRIX ABONN\u00c9 C&rsquo;EST QUOI?<br \/>\nVous avez un coup de coeur pour un jouet propos\u00e9 \u00e0 la location?<br \/>\nNous vous proposons de garder chaque jouet lou\u00e9 \u00e0 un prix pr\u00e9f\u00e9rentiel, clairement indiqu\u00e9 sur chaque fiche.<\/p>\n","protected":false},"excerpt":{"rendered":"<p>M\u00e9mo sonore en bois<\/p>\n<p>\u2764 6 paires de prismes en bois<br \/>\n\u2764 Paires reconnaissables \u00e0 leur couleur<br \/>\n\u2764 Permet de travailler la reconnaissance des sons<\/p>\n","protected":false},"featured_media":4828,"template":"","meta":[],"product_cat":[15],"product_tag":[],"_links":{"self":[{"href":"https:\/\/www.lesjouetsvoyageurs.com\/location\/wp-json\/wp\/v2\/product\/4826"}],"collection":[{"href":"https:\/\/www.lesjouetsvoyageurs.com\/location\/wp-json\/wp\/v2\/product"}],"about":[{"href":"https:\/\/www.lesjouetsvoyageurs.com\/location\/wp-json\/wp\/v2\/types\/product"}],"wp:featuredmedia":[{"embeddable":true,"href":"https:\/\/www.lesjouetsvoyageurs.com\/location\/wp-json\/wp\/v2\/media\/4828"}],"wp:attachment":[{"href":"https:\/\/www.lesjouetsvoyageurs.com\/location\/wp-json\/wp\/v2\/media?parent=4826"}],"wp:term":[{"taxonomy":"product_cat","embeddable":true,"href":"https:\/\/www.lesjouetsvoyageurs.com\/location\/wp-json\/wp\/v2\/product_cat?post=4826"},{"taxonomy":"product_tag","embeddable":true,"href":"https:\/\/www.lesjouetsvoyageurs.com\/location\/wp-json\/wp\/v2\/product_tag?post=4826"}],"curies":[{"name":"wp","href":"https:\/\/api.w.org\/{rel}","templated":true}]}}