{"id":4853,"date":"2021-02-11T18:49:23","date_gmt":"2021-02-11T16:49:23","guid":{"rendered":"https:\/\/www.lesjouetsvoyageurs.com\/?post_type=product&#038;p=4853"},"modified":"2024-03-11T22:52:08","modified_gmt":"2024-03-11T20:52:08","slug":"set-architecte-arc-en-ciel","status":"publish","type":"product","link":"https:\/\/www.lesjouetsvoyageurs.com\/location\/jouets\/set-architecte-arc-en-ciel\/","title":{"rendered":"Set architecte Arc-en-ciel 28 pi\u00e8ces Tickit"},"content":{"rendered":"<p>Votre enfant aime construire des tours et r\u00e9aliser des constructions? Il aimera \u00e0 coup s\u00fbr le set architecte arc-en-ciel Tickit !<\/p>\n<p>Le set comprend des carr\u00e9s, des rectangles, des triangles et des arches \u00e0 empiler ou encastrer. Les plus grands \u00e9l\u00e9ments mesurent pr\u00e8s de 15 centim\u00e8tres de c\u00f4t\u00e9.<\/p>\n<p>Le set architecte arc-en-ciel est r\u00e9alis\u00e9 avec du bois d&rsquo;h\u00e9v\u00e9a durable. Les pi\u00e8ces sont teintes dans 7 coloris diff\u00e9rentes et laissent appara\u00eetre le grain du bois. Les angles sont arrondis pour que les plus petits puissent exp\u00e9rimenter en toute s\u00e9curit\u00e9. Ce set de construction peut donc \u00eatre propos\u00e9 d\u00e8s 12 mois.<\/p>\n<p>Ce set architecte arc-en-ciel permet de r\u00e9aliser des tours, des habitations pour des petits personnages ou des sculptures. L&rsquo;enfant peut trier les pi\u00e8ces par forme, par taille et par couleur. Il explore la construction en plusieurs dimensions ainsi que la notion de taille et d&rsquo;\u00e9chelle.<\/p>\n<p>Ce sont au total 28 pi\u00e8ces en bois aux couleurs de l&rsquo;arc-en-ciel qui ouvriront \u00e0 votre enfant tout un monde de possibilit\u00e9s !<\/p>\n<p>LE PRIX ABONN\u00c9 C&rsquo;EST QUOI?<br \/>\nVous avez un coup de coeur pour un jouet propos\u00e9 \u00e0 la location?<br \/>\nNous vous proposons de garder chaque jouet lou\u00e9 \u00e0 un prix pr\u00e9f\u00e9rentiel, clairement indiqu\u00e9 sur chaque fiche.<\/p>\n","protected":false},"excerpt":{"rendered":"<p>Set architecte arc-en-ciel<\/p>\n<p>\u2764 28 pi\u00e8ces en bois d&rsquo;h\u00e9v\u00e9a durable<br \/>\n\u2764 Permet une multitude de constructions<br \/>\n\u2764 Couleurs vives qui laissent appara\u00eetre les veines du bois<\/p>\n","protected":false},"featured_media":4859,"template":"","meta":[],"product_cat":[15],"product_tag":[],"_links":{"self":[{"href":"https:\/\/www.lesjouetsvoyageurs.com\/location\/wp-json\/wp\/v2\/product\/4853"}],"collection":[{"href":"https:\/\/www.lesjouetsvoyageurs.com\/location\/wp-json\/wp\/v2\/product"}],"about":[{"href":"https:\/\/www.lesjouetsvoyageurs.com\/location\/wp-json\/wp\/v2\/types\/product"}],"wp:featuredmedia":[{"embeddable":true,"href":"https:\/\/www.lesjouetsvoyageurs.com\/location\/wp-json\/wp\/v2\/media\/4859"}],"wp:attachment":[{"href":"https:\/\/www.lesjouetsvoyageurs.com\/location\/wp-json\/wp\/v2\/media?parent=4853"}],"wp:term":[{"taxonomy":"product_cat","embeddable":true,"href":"https:\/\/www.lesjouetsvoyageurs.com\/location\/wp-json\/wp\/v2\/product_cat?post=4853"},{"taxonomy":"product_tag","embeddable":true,"href":"https:\/\/www.lesjouetsvoyageurs.com\/location\/wp-json\/wp\/v2\/product_tag?post=4853"}],"curies":[{"name":"wp","href":"https:\/\/api.w.org\/{rel}","templated":true}]}}