{"id":5036,"date":"2021-03-01T14:29:34","date_gmt":"2021-03-01T12:29:34","guid":{"rendered":"https:\/\/www.lesjouetsvoyageurs.com\/?post_type=product&#038;p=5036"},"modified":"2022-09-18T16:54:01","modified_gmt":"2022-09-18T14:54:01","slug":"arche-deveil-musicale-stevie-wonder-mellipou","status":"publish","type":"product","link":"https:\/\/www.lesjouetsvoyageurs.com\/location\/jouets\/arche-deveil-musicale-stevie-wonder-mellipou\/","title":{"rendered":"Arche d&rsquo;\u00e9veil musicale Stevie Wonder Mellipou"},"content":{"rendered":"<p>Une arche d&rsquo;\u00e9veil en bois de h\u00eatre qui favorise l&rsquo;\u00e9veil musical de b\u00e9b\u00e9. L&rsquo;arche est fournie avec quatre \u00e9l\u00e9ments \u00e0 suspendre r\u00e9alis\u00e9s avec le tissu Ariana de Mellipou.<\/p>\n<p>La bo\u00eete \u00e0 musique \u00e0 suspendre joue le c\u00e9l\u00e8bre morceau \u00ab\u00a0I just called to say I love you\u00a0\u00bb de Stevie Wonder.<\/p>\n<p>Le <a href=\"https:\/\/www.lesjouetsvoyageurs.com\/location\/jouets\/tapis-sol-ariana-mellipou\/\" target=\"_blank\" rel=\"noopener\">tapis assorti Mellipou<\/a> est propos\u00e9 s\u00e9par\u00e9ment \u00e0 la location sur notre site.<\/p>\n<p>Envie d&rsquo;en savoir plus sur les engagements de la marque?<br \/>\n\ud83d\udc49 <a href=\"https:\/\/mellipou.com\/pages\/qui-sommes-nous\" target=\"_blank\" rel=\"noopener noreferrer\">Consultez la pr\u00e9sentation de Mellipou.<\/a><\/p>\n<p>\ud83d\udc95 Fabriqu\u00e9es en France \u00e0 la main !<br \/>\nDes bo\u00eetes \u00e0 musique qui plaisent autant aux parents qu&rsquo;aux b\u00e9b\u00e9s.<\/p>\n<p>LE PRIX ABONN\u00c9 C&rsquo;EST QUOI?<br \/>\nVous avez un coup de coeur pour un jouet propos\u00e9 \u00e0 la location?<br \/>\nNous vous proposons de garder chaque jouet lou\u00e9 \u00e0 un prix pr\u00e9f\u00e9rentiel, clairement indiqu\u00e9 sur chaque fiche.<\/p>\n","protected":false},"excerpt":{"rendered":"<p>Une arche en bois et ses accessoires Mellipou pour favoriser l&rsquo;\u00e9veil de b\u00e9b\u00e9<\/p>\n<p>\u2764 Arche et accessoires fabriqu\u00e9s en France \ud83c\uddeb\ud83c\uddf7<br \/>\n\u2764 Berceuse : Stevie Wonder \ud83c\udfb6<br \/>\n\u2764 Tissu certifi\u00e9 Oeko-Tex \ud83c\udf3f<\/p>\n","protected":false},"featured_media":5042,"template":"","meta":[],"product_cat":[15],"product_tag":[],"_links":{"self":[{"href":"https:\/\/www.lesjouetsvoyageurs.com\/location\/wp-json\/wp\/v2\/product\/5036"}],"collection":[{"href":"https:\/\/www.lesjouetsvoyageurs.com\/location\/wp-json\/wp\/v2\/product"}],"about":[{"href":"https:\/\/www.lesjouetsvoyageurs.com\/location\/wp-json\/wp\/v2\/types\/product"}],"wp:featuredmedia":[{"embeddable":true,"href":"https:\/\/www.lesjouetsvoyageurs.com\/location\/wp-json\/wp\/v2\/media\/5042"}],"wp:attachment":[{"href":"https:\/\/www.lesjouetsvoyageurs.com\/location\/wp-json\/wp\/v2\/media?parent=5036"}],"wp:term":[{"taxonomy":"product_cat","embeddable":true,"href":"https:\/\/www.lesjouetsvoyageurs.com\/location\/wp-json\/wp\/v2\/product_cat?post=5036"},{"taxonomy":"product_tag","embeddable":true,"href":"https:\/\/www.lesjouetsvoyageurs.com\/location\/wp-json\/wp\/v2\/product_tag?post=5036"}],"curies":[{"name":"wp","href":"https:\/\/api.w.org\/{rel}","templated":true}]}}