{"id":5103,"date":"2021-03-24T21:38:00","date_gmt":"2021-03-24T19:38:00","guid":{"rendered":"https:\/\/www.lesjouetsvoyageurs.com\/?post_type=product&#038;p=5103"},"modified":"2023-09-29T14:17:57","modified_gmt":"2023-09-29T12:17:57","slug":"jeu-de-societe-premiers-chiffres-haba","status":"publish","type":"product","link":"https:\/\/www.lesjouetsvoyageurs.com\/location\/jouets\/jeu-de-societe-premiers-chiffres-haba\/","title":{"rendered":"Jeu de soci\u00e9t\u00e9 Haba Premiers Chiffres \u00e0 la ferme"},"content":{"rendered":"<p>Tim le fermier doit nourrir les animaux. D\u00e8s 2 ans, les petits joueurs lancent le d\u00e9 pour aider le fermier \u00e0 amener son tracteur jusqu&rsquo;au champ de tr\u00e8fle et \u00e0 nourrir les animaux.<\/p>\n<p>A la fin de la partie, les enfants gagnent le jeu&#8230; en ayant appris \u00e0 compter !<\/p>\n<p>Envie d&rsquo;en savoir plus sur les engagements de la marque?<br \/>\n\ud83d\udc49 Consultez la pr\u00e9sentation de Haba.<\/p>\n<p><span style=\"font-size: 14.4px;\">\ud83d\udc95 Un jeu de soci\u00e9t\u00e9 pour apprendre \u00e0 compter<\/span><\/p>\n<p>Jeu de soci\u00e9t\u00e9 de 2 \u00e0 4 joueurs d\u00e8s 2 ans<\/p>\n<p>LE PRIX ABONN\u00c9 C&rsquo;EST QUOI?<br \/>\nVous avez un coup de coeur pour un jouet propos\u00e9 \u00e0 la location?<br \/>\nNous vous proposons de garder chaque jouet lou\u00e9 \u00e0 un prix pr\u00e9f\u00e9rentiel, clairement indiqu\u00e9 sur chaque fiche.<\/p>\n","protected":false},"excerpt":{"rendered":"<p>Jeu de soci\u00e9t\u00e9 d\u00e8s 2 ans<\/p>\n<p>\u2764 R\u00e8gle simple pour les tout petits<br \/>\n\u2764 Permet d&rsquo;apprendre \u00e0 compter<br \/>\n\u2764 Stimule l&rsquo;identification et le classement<\/p>\n","protected":false},"featured_media":5106,"template":"","meta":[],"product_cat":[15],"product_tag":[],"_links":{"self":[{"href":"https:\/\/www.lesjouetsvoyageurs.com\/location\/wp-json\/wp\/v2\/product\/5103"}],"collection":[{"href":"https:\/\/www.lesjouetsvoyageurs.com\/location\/wp-json\/wp\/v2\/product"}],"about":[{"href":"https:\/\/www.lesjouetsvoyageurs.com\/location\/wp-json\/wp\/v2\/types\/product"}],"wp:featuredmedia":[{"embeddable":true,"href":"https:\/\/www.lesjouetsvoyageurs.com\/location\/wp-json\/wp\/v2\/media\/5106"}],"wp:attachment":[{"href":"https:\/\/www.lesjouetsvoyageurs.com\/location\/wp-json\/wp\/v2\/media?parent=5103"}],"wp:term":[{"taxonomy":"product_cat","embeddable":true,"href":"https:\/\/www.lesjouetsvoyageurs.com\/location\/wp-json\/wp\/v2\/product_cat?post=5103"},{"taxonomy":"product_tag","embeddable":true,"href":"https:\/\/www.lesjouetsvoyageurs.com\/location\/wp-json\/wp\/v2\/product_tag?post=5103"}],"curies":[{"name":"wp","href":"https:\/\/api.w.org\/{rel}","templated":true}]}}