{"id":5207,"date":"2021-05-10T19:49:53","date_gmt":"2021-05-10T17:49:53","guid":{"rendered":"https:\/\/www.lesjouetsvoyageurs.com\/?post_type=product&#038;p=5207"},"modified":"2024-02-28T17:28:40","modified_gmt":"2024-02-28T15:28:40","slug":"hochet-avec-grelot-animal-marin-tikiri","status":"publish","type":"product","link":"https:\/\/www.lesjouetsvoyageurs.com\/location\/jouets\/hochet-avec-grelot-animal-marin-tikiri\/","title":{"rendered":"Hochet avec grelot &#8211; Animal marin Tikiri"},"content":{"rendered":"<p>D\u00e9couvrez les tr\u00e8s mignons animaux Tikiri en caoutchouc naturel issu de l&rsquo;h\u00e9v\u00e9a. La collection des animaux marins Tikiri se compose d&rsquo;une baleine, d&rsquo;un crabe, d&rsquo;un hippocampe, d&rsquo;une tortue marine, d&rsquo;un dauphin et d&rsquo;une pieuvre.<\/p>\n<p>Chaque hochet Tikiri contient un grelot mais aucun trou pour une hygi\u00e8ne irr\u00e9prochable. Pour nettoyer l&rsquo;animal, utilisez simplement de l&rsquo;eau chaude et du savon.<\/p>\n<p>Envie d&rsquo;en savoir plus sur les engagements de la marque?<br \/>\n\ud83d\udc49 Consultez la pr\u00e9sentation de Tikiri.<\/p>\n<p><span style=\"font-size: 14.4px;\">\ud83d\udc95 Un jouet qui peut aussi s&rsquo;utiliser dans le bain.<\/span><\/p>\n<p>LE PRIX ABONN\u00c9 C&rsquo;EST QUOI?<br \/>\nVous avez un coup de coeur pour un jouet propos\u00e9 \u00e0 la location?<br \/>\nNous vous proposons de garder chaque jouet lou\u00e9 \u00e0 un prix pr\u00e9f\u00e9rentiel, clairement indiqu\u00e9 sur chaque fiche.<\/p>\n","protected":false},"excerpt":{"rendered":"<p>Hochet tikiri sur le th\u00e8me de la mer<\/p>\n<p>\u2764 Caoutchouc d&rsquo;h\u00e9v\u00e9a 100% naturel<br \/>\n\u2764 Contient un grelot<br \/>\n\u2764 Peut s&rsquo;utiliser dans l&rsquo;eau<\/p>\n","protected":false},"featured_media":5214,"template":"","meta":[],"product_cat":[15],"product_tag":[],"_links":{"self":[{"href":"https:\/\/www.lesjouetsvoyageurs.com\/location\/wp-json\/wp\/v2\/product\/5207"}],"collection":[{"href":"https:\/\/www.lesjouetsvoyageurs.com\/location\/wp-json\/wp\/v2\/product"}],"about":[{"href":"https:\/\/www.lesjouetsvoyageurs.com\/location\/wp-json\/wp\/v2\/types\/product"}],"wp:featuredmedia":[{"embeddable":true,"href":"https:\/\/www.lesjouetsvoyageurs.com\/location\/wp-json\/wp\/v2\/media\/5214"}],"wp:attachment":[{"href":"https:\/\/www.lesjouetsvoyageurs.com\/location\/wp-json\/wp\/v2\/media?parent=5207"}],"wp:term":[{"taxonomy":"product_cat","embeddable":true,"href":"https:\/\/www.lesjouetsvoyageurs.com\/location\/wp-json\/wp\/v2\/product_cat?post=5207"},{"taxonomy":"product_tag","embeddable":true,"href":"https:\/\/www.lesjouetsvoyageurs.com\/location\/wp-json\/wp\/v2\/product_tag?post=5207"}],"curies":[{"name":"wp","href":"https:\/\/api.w.org\/{rel}","templated":true}]}}