{"id":5359,"date":"2021-06-30T11:42:06","date_gmt":"2021-06-30T09:42:06","guid":{"rendered":"https:\/\/www.lesjouetsvoyageurs.com\/?post_type=product&#038;p=5359"},"modified":"2024-03-11T22:52:08","modified_gmt":"2024-03-11T20:52:08","slug":"noisette-range-haba","status":"publish","type":"product","link":"https:\/\/www.lesjouetsvoyageurs.com\/location\/jouets\/noisette-range-haba\/","title":{"rendered":"Noisette Range ! Jeu de soci\u00e9t\u00e9 HABA d\u00e8s 2 ans"},"content":{"rendered":"<p>Apr\u00e8s s&rsquo;\u00eatre bien amus\u00e9 avec ses jouets, il est maintenant l&rsquo;heure de diner. Le petit chat Noisette doit maintenant ranger, pour pouvoir de nouveau jouer demain! Mais o\u00f9 faut-il ranger chaque objet?<\/p>\n<p>L&rsquo;enfant aide le petit chat en pla\u00e7ant les 18 plaquettes jouets sur la bonne \u00e9tag\u00e8re !\u00a0 Ce jeu de classement coop\u00e9ratif se joue seul ou \u00e0 plusieurs. Une partie dure environ 5 \u00e0 10 minutes, id\u00e9al pour les tout petits d\u00e8s 2 ans.<\/p>\n<p>Le jeu Noisette Range propose \u00e9galement une variante de jeu de m\u00e9moire. Chaque joueur prends une plaquette qui repr\u00e9sente une des \u00e9tag\u00e8res de rangement des jouets. Son objectif est de retrouver l&rsquo;ensemble des jouets qui doivent aller sur son \u00e9tag\u00e8re. Il existe \u00e9galement une variante loto pour Noisette Range, de quoi bien s&rsquo;amuser \ud83d\ude42<\/p>\n<p>Envie d&rsquo;en savoir plus sur les engagements de la marque?<br \/>\n\ud83d\udc49 Consultez la pr\u00e9sentation de Haba.<\/p>\n<p><span style=\"font-size: 14.4px;\">\ud83d\udc95 Plusieurs variantes : jeu de classement, de memory et de loto.<\/span><\/p>\n<p>Un jeu de soci\u00e9t\u00e9 fabriqu\u00e9 en Allemagne.<\/p>\n<p>LE PRIX ABONN\u00c9 C&rsquo;EST QUOI?<br \/>\nVous avez un coup de coeur pour un jouet propos\u00e9 \u00e0 la location?<br \/>\nNous vous proposons de garder chaque jouet lou\u00e9 \u00e0 un prix pr\u00e9f\u00e9rentiel, clairement indiqu\u00e9 sur chaque fiche.<\/p>\n","protected":false},"excerpt":{"rendered":"<p>Un jeu de soci\u00e9t\u00e9 d\u00e8s 2 ans<\/p>\n<p>\u2764 Aborde la notion de rangement<br \/>\n\u2764 3 r\u00e8gles : classement, memory et loto<br \/>\n\u2764 Peut se jouer seul ou \u00e0 plusieurs<\/p>\n","protected":false},"featured_media":5362,"template":"","meta":[],"product_cat":[15],"product_tag":[],"_links":{"self":[{"href":"https:\/\/www.lesjouetsvoyageurs.com\/location\/wp-json\/wp\/v2\/product\/5359"}],"collection":[{"href":"https:\/\/www.lesjouetsvoyageurs.com\/location\/wp-json\/wp\/v2\/product"}],"about":[{"href":"https:\/\/www.lesjouetsvoyageurs.com\/location\/wp-json\/wp\/v2\/types\/product"}],"wp:featuredmedia":[{"embeddable":true,"href":"https:\/\/www.lesjouetsvoyageurs.com\/location\/wp-json\/wp\/v2\/media\/5362"}],"wp:attachment":[{"href":"https:\/\/www.lesjouetsvoyageurs.com\/location\/wp-json\/wp\/v2\/media?parent=5359"}],"wp:term":[{"taxonomy":"product_cat","embeddable":true,"href":"https:\/\/www.lesjouetsvoyageurs.com\/location\/wp-json\/wp\/v2\/product_cat?post=5359"},{"taxonomy":"product_tag","embeddable":true,"href":"https:\/\/www.lesjouetsvoyageurs.com\/location\/wp-json\/wp\/v2\/product_tag?post=5359"}],"curies":[{"name":"wp","href":"https:\/\/api.w.org\/{rel}","templated":true}]}}