{"id":5579,"date":"2021-09-24T12:38:39","date_gmt":"2021-09-24T10:38:39","guid":{"rendered":"https:\/\/www.lesjouetsvoyageurs.com\/?post_type=product&#038;p=5579"},"modified":"2022-09-18T16:40:10","modified_gmt":"2022-09-18T14:40:10","slug":"ploufette-en-mission","status":"publish","type":"product","link":"https:\/\/www.lesjouetsvoyageurs.com\/location\/jouets\/ploufette-en-mission\/","title":{"rendered":"Ploufette en mission Haba"},"content":{"rendered":"<p>Et plouf ! Depuis sa fen\u00eatre, un habitant du ch\u00e2teau a encore fait tomber quelque chose dans l&rsquo;\u00e9tang. Sa bille dor\u00e9e manque \u00e0 la princesse, le magicien cherche d\u00e9sesp\u00e9r\u00e9ment sa boule de cristal et le cuisinier a perdu son chou. Mais que vont-ils bien pouvoir faire ?<\/p>\n<p>Ploufette, la grenouille qui sait grimper le long des murs, est la seule \u00e0 pouvoir r\u00e9cup\u00e9rer leurs objets. Sa mission est complexe : retrouver le propri\u00e9taire de chaque objet et escalader les murs de la tour pour lui ramener l\u2019objet. Ploufette a besoin de votre aide ! Les joueurs doivent ouvrir une fen\u00eatre pour retrouver l&rsquo;habitant concern\u00e9, puis faire grimper la grenouille jusqu&rsquo;\u00e0 lui en man\u0153uvrant habilement les cordelettes (mais sans faire tomber la bille dans un mauvais trou du mur). Avec beaucoup d\u2019adresse et de la m\u00e9moire, celui qui rapportera le plus d&rsquo;objets remporte la partie.<\/p>\n<p>Envie d&rsquo;en savoir plus sur les engagements de la marque?<br \/>\n\ud83d\udc49 Consultez la pr\u00e9sentation de Haba.<\/p>\n<p><span style=\"font-size: 14.4px;\">\ud83d\udc95 Se joue seul ou en \u00e9quipe d\u00e8s 5 ans.<\/span><\/p>\n<p>Un jeu de soci\u00e9t\u00e9 fabriqu\u00e9 en Allemagne.<\/p>\n<p>LE PRIX ABONN\u00c9 C&rsquo;EST QUOI?<br \/>\nVous avez un coup de coeur pour un jouet propos\u00e9 \u00e0 la location?<br \/>\nNous vous proposons de garder chaque jouet lou\u00e9 \u00e0 un prix pr\u00e9f\u00e9rentiel, clairement indiqu\u00e9 sur chaque fiche.<\/p>\n","protected":false},"excerpt":{"rendered":"<p>Jeu de motricit\u00e9 d\u00e8s 5 ans<\/p>\n<p>\u2764 Se joue seul ou \u00e0 plusieurs<br \/>\n\u2764 2 cordelettes \u00e0 manipuler<br \/>\n\u2764 Jeu d&rsquo;adresse et de m\u00e9moire<\/p>\n","protected":false},"featured_media":5581,"template":"","meta":[],"product_cat":[15],"product_tag":[],"_links":{"self":[{"href":"https:\/\/www.lesjouetsvoyageurs.com\/location\/wp-json\/wp\/v2\/product\/5579"}],"collection":[{"href":"https:\/\/www.lesjouetsvoyageurs.com\/location\/wp-json\/wp\/v2\/product"}],"about":[{"href":"https:\/\/www.lesjouetsvoyageurs.com\/location\/wp-json\/wp\/v2\/types\/product"}],"wp:featuredmedia":[{"embeddable":true,"href":"https:\/\/www.lesjouetsvoyageurs.com\/location\/wp-json\/wp\/v2\/media\/5581"}],"wp:attachment":[{"href":"https:\/\/www.lesjouetsvoyageurs.com\/location\/wp-json\/wp\/v2\/media?parent=5579"}],"wp:term":[{"taxonomy":"product_cat","embeddable":true,"href":"https:\/\/www.lesjouetsvoyageurs.com\/location\/wp-json\/wp\/v2\/product_cat?post=5579"},{"taxonomy":"product_tag","embeddable":true,"href":"https:\/\/www.lesjouetsvoyageurs.com\/location\/wp-json\/wp\/v2\/product_tag?post=5579"}],"curies":[{"name":"wp","href":"https:\/\/api.w.org\/{rel}","templated":true}]}}