{"id":5582,"date":"2021-09-24T12:47:10","date_gmt":"2021-09-24T10:47:10","guid":{"rendered":"https:\/\/www.lesjouetsvoyageurs.com\/?post_type=product&#038;p=5582"},"modified":"2023-03-23T17:13:26","modified_gmt":"2023-03-23T15:13:26","slug":"jeu-batasaurus-djeco","status":"publish","type":"product","link":"https:\/\/www.lesjouetsvoyageurs.com\/location\/jouets\/jeu-batasaurus-djeco\/","title":{"rendered":"Jeu de cartes Batasaurus Djeco"},"content":{"rendered":"<p>Batasaurus est un jeu de m\u00e9moire sous forme de bataille. Au lieu de tenir les cartes dans leurs mains, les petits joueurs \u00e0 partir de 5 ans les posent face cach\u00e9e sur la table. Ils n&rsquo;ont que quelques secondes pour m\u00e9moriser leur place et leur valeur. Le combat de dinosaures peut ensuite commencer. Chaque joueur retourne simultan\u00e9ment une de ses cartes et celui qui a la carte la plus forte remporte le pli !<\/p>\n<p>Le but du jeu est de gagner le maximum de combats de dinosaures : des attaques de dinosaures, des ripostes appropri\u00e9es&#8230; un jeu o\u00f9 se m\u00ealent la strat\u00e9gie et la m\u00e9moire. Le joueur qui a gagn\u00e9 le plus de cartes remporte la partie.<\/p>\n<p>\ud83d\udc49 Consultez la pr\u00e9sentation de Djeco.<\/p>\n<p><span style=\"font-size: 14.4px;\">\ud83d\udc95 Un jeu de m\u00e9moire et de strat\u00e9gie simple<\/span><\/p>\n<p>LE PRIX ABONN\u00c9 C&rsquo;EST QUOI?<br \/>\nVous avez un coup de coeur pour un jouet propos\u00e9 \u00e0 la location?<br \/>\nNous vous proposons de garder chaque jouet lou\u00e9 \u00e0 un prix pr\u00e9f\u00e9rentiel, clairement indiqu\u00e9 sur chaque fiche.<\/p>\n","protected":false},"excerpt":{"rendered":"<p>Batasaurus de Djeco<\/p>\n<p>\u2764 Se joue d\u00e8s 5 ans<br \/>\n\u2764 Stimule la m\u00e9moire<br \/>\n\u2764 Le th\u00e8me des dinosaures<\/p>\n","protected":false},"featured_media":5584,"template":"","meta":[],"product_cat":[15],"product_tag":[],"_links":{"self":[{"href":"https:\/\/www.lesjouetsvoyageurs.com\/location\/wp-json\/wp\/v2\/product\/5582"}],"collection":[{"href":"https:\/\/www.lesjouetsvoyageurs.com\/location\/wp-json\/wp\/v2\/product"}],"about":[{"href":"https:\/\/www.lesjouetsvoyageurs.com\/location\/wp-json\/wp\/v2\/types\/product"}],"wp:featuredmedia":[{"embeddable":true,"href":"https:\/\/www.lesjouetsvoyageurs.com\/location\/wp-json\/wp\/v2\/media\/5584"}],"wp:attachment":[{"href":"https:\/\/www.lesjouetsvoyageurs.com\/location\/wp-json\/wp\/v2\/media?parent=5582"}],"wp:term":[{"taxonomy":"product_cat","embeddable":true,"href":"https:\/\/www.lesjouetsvoyageurs.com\/location\/wp-json\/wp\/v2\/product_cat?post=5582"},{"taxonomy":"product_tag","embeddable":true,"href":"https:\/\/www.lesjouetsvoyageurs.com\/location\/wp-json\/wp\/v2\/product_tag?post=5582"}],"curies":[{"name":"wp","href":"https:\/\/api.w.org\/{rel}","templated":true}]}}