{"id":5640,"date":"2021-10-08T22:59:10","date_gmt":"2021-10-08T20:59:10","guid":{"rendered":"https:\/\/www.lesjouetsvoyageurs.com\/?post_type=product&#038;p=5640"},"modified":"2022-09-18T16:35:58","modified_gmt":"2022-09-18T14:35:58","slug":"marionnette-ecureuil","status":"publish","type":"product","link":"https:\/\/www.lesjouetsvoyageurs.com\/location\/jouets\/marionnette-ecureuil\/","title":{"rendered":"Marionnette en tissu tr\u00e8s douce &#8211; l&rsquo;\u00e9cureuil"},"content":{"rendered":"<div id=\"product-description-short-2352\" class=\"rte-content\">\n<p>Une belle marionnette \u00e9cureuil pour raconter de belles histoires aux tout petits. On aime la mati\u00e8re toute douce de cette jolie marionnette de main.<\/p>\n<\/div>\n<p><span style=\"font-size: 14.4px;\">\ud83d\udc95 Pour raconter de belles histoires<\/span><\/p>\n<p><span style=\"font-size: 14.4px;\">LE PRIX ABONN\u00c9 C&rsquo;EST QUOI?<\/span><\/p>\n<p>Vous avez un coup de coeur pour un jouet propos\u00e9 \u00e0 la location?<br \/>\nNous vous proposons de garder chaque jouet lou\u00e9 \u00e0 un prix pr\u00e9f\u00e9rentiel, clairement indiqu\u00e9 sur chaque fiche.<\/p>\n","protected":false},"excerpt":{"rendered":"<p>Marionnette \u00e9cureuil<\/p>\n<p>\u2764 Texture tr\u00e8s douce<br \/>\n\u2764 La queue en fourrure ultra-douce !<br \/>\n\u2764 Pour raconter des histoires<\/p>\n","protected":false},"featured_media":5642,"template":"","meta":[],"product_cat":[15],"product_tag":[],"_links":{"self":[{"href":"https:\/\/www.lesjouetsvoyageurs.com\/location\/wp-json\/wp\/v2\/product\/5640"}],"collection":[{"href":"https:\/\/www.lesjouetsvoyageurs.com\/location\/wp-json\/wp\/v2\/product"}],"about":[{"href":"https:\/\/www.lesjouetsvoyageurs.com\/location\/wp-json\/wp\/v2\/types\/product"}],"wp:featuredmedia":[{"embeddable":true,"href":"https:\/\/www.lesjouetsvoyageurs.com\/location\/wp-json\/wp\/v2\/media\/5642"}],"wp:attachment":[{"href":"https:\/\/www.lesjouetsvoyageurs.com\/location\/wp-json\/wp\/v2\/media?parent=5640"}],"wp:term":[{"taxonomy":"product_cat","embeddable":true,"href":"https:\/\/www.lesjouetsvoyageurs.com\/location\/wp-json\/wp\/v2\/product_cat?post=5640"},{"taxonomy":"product_tag","embeddable":true,"href":"https:\/\/www.lesjouetsvoyageurs.com\/location\/wp-json\/wp\/v2\/product_tag?post=5640"}],"curies":[{"name":"wp","href":"https:\/\/api.w.org\/{rel}","templated":true}]}}