{"id":5899,"date":"2022-02-26T12:23:27","date_gmt":"2022-02-26T10:23:27","guid":{"rendered":"https:\/\/www.lesjouetsvoyageurs.com\/?post_type=product&#038;p=5899"},"modified":"2023-03-30T13:11:42","modified_gmt":"2023-03-30T11:11:42","slug":"mistigri-cartes-djeco","status":"publish","type":"product","link":"https:\/\/www.lesjouetsvoyageurs.com\/location\/jouets\/mistigri-cartes-djeco\/","title":{"rendered":"Jeu de cartes Mistigri de Djeco"},"content":{"rendered":"<div id=\"product-description-short-2352\" class=\"rte-content\">\n<p>Le mistigri de <strong>Djeco <\/strong>est un jeu de cartes simple accessible aux plus petits d\u00e8s 3 ans et parfait pour les 4\/5 ans avec sa r\u00e8gle claire et facile \u00e0 comprendre. Un classique qui plaira \u00e0 toute la famille avec ses jolies illustrations.<\/p>\n<\/div>\n<p>\ud83d\udc49 Consultez la pr\u00e9sentation de Djeco.<\/p>\n<p><span style=\"font-size: 14.4px;\">\ud83d\udc95 Un premier jeu de cartes incontournable<\/span><\/p>\n<p>LE PRIX ABONN\u00c9 C&rsquo;EST QUOI?<br \/>\nVous avez un coup de coeur pour un jouet propos\u00e9 \u00e0 la location?<br \/>\nNous vous proposons de garder chaque jouet lou\u00e9 \u00e0 un prix pr\u00e9f\u00e9rentiel, clairement indiqu\u00e9 sur chaque fiche.<\/p>\n","protected":false},"excerpt":{"rendered":"<p>Jeu de cartes Mistigri<\/p>\n<p>\u2764 Se joue d\u00e8s 3 ans<br \/>\n\u2764 Jolies illustrations<br \/>\n\u2764 R\u00e8gles simples<\/p>\n","protected":false},"featured_media":5903,"template":"","meta":[],"product_cat":[15],"product_tag":[],"_links":{"self":[{"href":"https:\/\/www.lesjouetsvoyageurs.com\/location\/wp-json\/wp\/v2\/product\/5899"}],"collection":[{"href":"https:\/\/www.lesjouetsvoyageurs.com\/location\/wp-json\/wp\/v2\/product"}],"about":[{"href":"https:\/\/www.lesjouetsvoyageurs.com\/location\/wp-json\/wp\/v2\/types\/product"}],"wp:featuredmedia":[{"embeddable":true,"href":"https:\/\/www.lesjouetsvoyageurs.com\/location\/wp-json\/wp\/v2\/media\/5903"}],"wp:attachment":[{"href":"https:\/\/www.lesjouetsvoyageurs.com\/location\/wp-json\/wp\/v2\/media?parent=5899"}],"wp:term":[{"taxonomy":"product_cat","embeddable":true,"href":"https:\/\/www.lesjouetsvoyageurs.com\/location\/wp-json\/wp\/v2\/product_cat?post=5899"},{"taxonomy":"product_tag","embeddable":true,"href":"https:\/\/www.lesjouetsvoyageurs.com\/location\/wp-json\/wp\/v2\/product_tag?post=5899"}],"curies":[{"name":"wp","href":"https:\/\/api.w.org\/{rel}","templated":true}]}}