{"id":5907,"date":"2022-02-26T12:46:03","date_gmt":"2022-02-26T10:46:03","guid":{"rendered":"https:\/\/www.lesjouetsvoyageurs.com\/?post_type=product&#038;p=5907"},"modified":"2022-09-18T16:34:26","modified_gmt":"2022-09-18T14:34:26","slug":"batamiaou-djeco-jouet-location","status":"publish","type":"product","link":"https:\/\/www.lesjouetsvoyageurs.com\/location\/jouets\/batamiaou-djeco-jouet-location\/","title":{"rendered":"Batamiaou jeu de cartes Djeco pour les 3-6 ans"},"content":{"rendered":"<div id=\"product-description-short-2352\" class=\"rte-content\">\n<p>Batamiaou de Djeco est un premier jeu de bataille adapt\u00e9 aux plus petits de 3 \u00e0 6 ans. L&rsquo;objectif est de gagner des plis avec la carte la plus forte : pour cela les enfants peuvent se r\u00e9f\u00e9rer \u00e0 la taille des chats et si deux chats sont de la m\u00eame taille, il y a&#8230; batamiaou !<\/p>\n<\/div>\n<p>\ud83d\udc49 Consultez la pr\u00e9sentation de Djeco.<\/p>\n<p><span style=\"font-size: 14.4px;\">\ud83d\udc95\u00a0 Accessible d\u00e8s 3 ans<\/span><\/p>\n<p>LE PRIX ABONN\u00c9 C&rsquo;EST QUOI?<br \/>\nVous avez un coup de coeur pour un jouet propos\u00e9 \u00e0 la location?<br \/>\nNous vous proposons de garder chaque jouet lou\u00e9 \u00e0 un prix pr\u00e9f\u00e9rentiel, clairement indiqu\u00e9 sur chaque fiche.<\/p>\n","protected":false},"excerpt":{"rendered":"<p>Jeu de cartes Batamiaou<\/p>\n<p>\u2764 Se joue d\u00e8s 3 ans<br \/>\n\u2764 Illustrations de chats rigolos<br \/>\n\u2764 Cartes gradu\u00e9es<\/p>\n","protected":false},"featured_media":5909,"template":"","meta":[],"product_cat":[15],"product_tag":[],"_links":{"self":[{"href":"https:\/\/www.lesjouetsvoyageurs.com\/location\/wp-json\/wp\/v2\/product\/5907"}],"collection":[{"href":"https:\/\/www.lesjouetsvoyageurs.com\/location\/wp-json\/wp\/v2\/product"}],"about":[{"href":"https:\/\/www.lesjouetsvoyageurs.com\/location\/wp-json\/wp\/v2\/types\/product"}],"wp:featuredmedia":[{"embeddable":true,"href":"https:\/\/www.lesjouetsvoyageurs.com\/location\/wp-json\/wp\/v2\/media\/5909"}],"wp:attachment":[{"href":"https:\/\/www.lesjouetsvoyageurs.com\/location\/wp-json\/wp\/v2\/media?parent=5907"}],"wp:term":[{"taxonomy":"product_cat","embeddable":true,"href":"https:\/\/www.lesjouetsvoyageurs.com\/location\/wp-json\/wp\/v2\/product_cat?post=5907"},{"taxonomy":"product_tag","embeddable":true,"href":"https:\/\/www.lesjouetsvoyageurs.com\/location\/wp-json\/wp\/v2\/product_tag?post=5907"}],"curies":[{"name":"wp","href":"https:\/\/api.w.org\/{rel}","templated":true}]}}