{"id":5925,"date":"2022-02-26T13:49:20","date_gmt":"2022-02-26T11:49:20","guid":{"rendered":"https:\/\/www.lesjouetsvoyageurs.com\/?post_type=product&#038;p=5925"},"modified":"2022-11-19T21:52:47","modified_gmt":"2022-11-19T19:52:47","slug":"toboggan-boules-goki","status":"publish","type":"product","link":"https:\/\/www.lesjouetsvoyageurs.com\/location\/jouets\/toboggan-boules-goki\/","title":{"rendered":"Jeu de construction et toboggan \u00e0 boules Goki"},"content":{"rendered":"<div class=\"wrapper_desc_content\">\n<div class=\"productDescription__block productDescription__bs\">\n<p>Ce jeu de construction en bois de 79 pi\u00e8ces offre une diversit\u00e9 de constructions illimit\u00e9e avec son syst\u00e8me de connexion et de fixation unique. Lorsque la construction est achev\u00e9e, on obtient un toboggan \u00e0 boules unique ! Des heures de jeu en perspective \ud83d\ude42<\/p>\n<\/div>\n<\/div>\n<p>\ud83d\udc49 Consultez la pr\u00e9sentation de Goki.<\/p>\n<p><span style=\"font-size: 14.4px;\">\ud83d\udc95\u00a0 Des possibilit\u00e9s de construction illimit\u00e9es<\/span><\/p>\n<p>LE PRIX ABONN\u00c9 C&rsquo;EST QUOI?<br \/>\nVous avez un coup de coeur pour un jouet propos\u00e9 \u00e0 la location?<br \/>\nNous vous proposons de garder chaque jouet lou\u00e9 \u00e0 un prix pr\u00e9f\u00e9rentiel, clairement indiqu\u00e9 sur chaque fiche.<\/p>\n","protected":false},"excerpt":{"rendered":"<p>Jeu de construction et toboggan \u00e0 boules<\/p>\n<p>\u2764 Des possibilit\u00e9s illimit\u00e9es<br \/>\n\u2764 Des heures de jeu<br \/>\n\u2764 Un jouet de qualit\u00e9 fabriqu\u00e9 en Allemagne<\/p>\n","protected":false},"featured_media":5926,"template":"","meta":[],"product_cat":[15],"product_tag":[],"_links":{"self":[{"href":"https:\/\/www.lesjouetsvoyageurs.com\/location\/wp-json\/wp\/v2\/product\/5925"}],"collection":[{"href":"https:\/\/www.lesjouetsvoyageurs.com\/location\/wp-json\/wp\/v2\/product"}],"about":[{"href":"https:\/\/www.lesjouetsvoyageurs.com\/location\/wp-json\/wp\/v2\/types\/product"}],"wp:featuredmedia":[{"embeddable":true,"href":"https:\/\/www.lesjouetsvoyageurs.com\/location\/wp-json\/wp\/v2\/media\/5926"}],"wp:attachment":[{"href":"https:\/\/www.lesjouetsvoyageurs.com\/location\/wp-json\/wp\/v2\/media?parent=5925"}],"wp:term":[{"taxonomy":"product_cat","embeddable":true,"href":"https:\/\/www.lesjouetsvoyageurs.com\/location\/wp-json\/wp\/v2\/product_cat?post=5925"},{"taxonomy":"product_tag","embeddable":true,"href":"https:\/\/www.lesjouetsvoyageurs.com\/location\/wp-json\/wp\/v2\/product_tag?post=5925"}],"curies":[{"name":"wp","href":"https:\/\/api.w.org\/{rel}","templated":true}]}}