{"id":5988,"date":"2022-03-15T18:11:46","date_gmt":"2022-03-15T16:11:46","guid":{"rendered":"https:\/\/www.lesjouetsvoyageurs.com\/?post_type=product&#038;p=5988"},"modified":"2024-02-28T17:28:39","modified_gmt":"2024-02-28T15:28:39","slug":"mobile-bois-bebe-animaux","status":"publish","type":"product","link":"https:\/\/www.lesjouetsvoyageurs.com\/location\/jouets\/mobile-bois-bebe-animaux\/","title":{"rendered":"Mobile en bois \u00e0 suspendre &#8211; Les b\u00e9b\u00e9s animaux"},"content":{"rendered":"<div class=\"wrapper_desc_content\">\n<div class=\"productDescription__block productDescription__bs\">\n<p>Ce mobile en bois est parfait au-dessus de la table \u00e0 langer ou du lit de b\u00e9b\u00e9. Des formes a\u00e9riennes, po\u00e9tiques et multicolores qui dansent dans l&rsquo;espace. Le mobile est d\u00e9j\u00e0 assembl\u00e9, il ne vous reste qu&rsquo;\u00e0 le suspendre avec le dil de nylon fourni.<\/p>\n<\/div>\n<\/div>\n<p>\ud83d\udc49 Consultez la pr\u00e9sentation de Djeco.<\/p>\n<p><span style=\"font-size: 14.4px;\">\ud83d\udc95\u00a0 Un joli mobile en bois<\/span><\/p>\n<p>LE PRIX ABONN\u00c9 C&rsquo;EST QUOI?<br \/>\nVous avez un coup de coeur pour un jouet propos\u00e9 \u00e0 la location?<br \/>\nNous vous proposons de garder chaque jouet lou\u00e9 \u00e0 un prix pr\u00e9f\u00e9rentiel, clairement indiqu\u00e9 sur chaque fiche.<\/p>\n","protected":false},"excerpt":{"rendered":"<p>Mobile en bois \u00e0 suspendre<\/p>\n<p>\u2764 Pour les enfants d\u00e8s la naissance<br \/>\n\u2764 A suspendre<br \/>\n\u2764 Capte l&rsquo;attention de b\u00e9b\u00e9<\/p>\n","protected":false},"featured_media":5989,"template":"","meta":[],"product_cat":[15],"product_tag":[],"_links":{"self":[{"href":"https:\/\/www.lesjouetsvoyageurs.com\/location\/wp-json\/wp\/v2\/product\/5988"}],"collection":[{"href":"https:\/\/www.lesjouetsvoyageurs.com\/location\/wp-json\/wp\/v2\/product"}],"about":[{"href":"https:\/\/www.lesjouetsvoyageurs.com\/location\/wp-json\/wp\/v2\/types\/product"}],"wp:featuredmedia":[{"embeddable":true,"href":"https:\/\/www.lesjouetsvoyageurs.com\/location\/wp-json\/wp\/v2\/media\/5989"}],"wp:attachment":[{"href":"https:\/\/www.lesjouetsvoyageurs.com\/location\/wp-json\/wp\/v2\/media?parent=5988"}],"wp:term":[{"taxonomy":"product_cat","embeddable":true,"href":"https:\/\/www.lesjouetsvoyageurs.com\/location\/wp-json\/wp\/v2\/product_cat?post=5988"},{"taxonomy":"product_tag","embeddable":true,"href":"https:\/\/www.lesjouetsvoyageurs.com\/location\/wp-json\/wp\/v2\/product_tag?post=5988"}],"curies":[{"name":"wp","href":"https:\/\/api.w.org\/{rel}","templated":true}]}}