{"id":6014,"date":"2022-03-16T17:55:12","date_gmt":"2022-03-16T15:55:12","guid":{"rendered":"https:\/\/www.lesjouetsvoyageurs.com\/?post_type=product&#038;p=6014"},"modified":"2023-03-21T18:52:53","modified_gmt":"2023-03-21T16:52:53","slug":"domino-rallye","status":"publish","type":"product","link":"https:\/\/www.lesjouetsvoyageurs.com\/location\/jouets\/domino-rallye\/","title":{"rendered":"Domino Rallye 250 pi\u00e8ces fabriqu\u00e9 en Allemagne"},"content":{"rendered":"<p>Avec ses 250 pi\u00e8ces, cet ensemble permet de r\u00e9aliser des centaines de parcours diff\u00e9rents ! Il contient une multitude de dominos color\u00e9s et promet des heures d&rsquo;amusement en famille ! Conseill\u00e9 \u00e0 partir de 5 ans.<\/p>\n<p>\ud83d\udc49\u00a0 En savoir plus sur les engagements de la marque Goki<span style=\"font-size: 14.4px;\">.<\/span><\/p>\n<p><span style=\"font-size: 14.4px;\">\ud83d\udc95 Des heures de jeu en perspective.<\/span><\/p>\n<p>LE PRIX ABONN\u00c9 C&rsquo;EST QUOI?<br \/>\nVous avez un coup de coeur pour un jouet propos\u00e9 \u00e0 la location?<br \/>\nNous vous proposons de garder chaque jouet lou\u00e9 \u00e0 un prix pr\u00e9f\u00e9rentiel, clairement indiqu\u00e9 sur chaque fiche.<\/p>\n","protected":false},"excerpt":{"rendered":"<p>Rallye des dominos<\/p>\n<p>\u2764 250 pi\u00e8ces color\u00e9es<br \/>\n\u2764 Fabrication allemande<br \/>\n\u2764 Des heures de jeu !<\/p>\n","protected":false},"featured_media":6015,"template":"","meta":[],"product_cat":[15],"product_tag":[],"_links":{"self":[{"href":"https:\/\/www.lesjouetsvoyageurs.com\/location\/wp-json\/wp\/v2\/product\/6014"}],"collection":[{"href":"https:\/\/www.lesjouetsvoyageurs.com\/location\/wp-json\/wp\/v2\/product"}],"about":[{"href":"https:\/\/www.lesjouetsvoyageurs.com\/location\/wp-json\/wp\/v2\/types\/product"}],"wp:featuredmedia":[{"embeddable":true,"href":"https:\/\/www.lesjouetsvoyageurs.com\/location\/wp-json\/wp\/v2\/media\/6015"}],"wp:attachment":[{"href":"https:\/\/www.lesjouetsvoyageurs.com\/location\/wp-json\/wp\/v2\/media?parent=6014"}],"wp:term":[{"taxonomy":"product_cat","embeddable":true,"href":"https:\/\/www.lesjouetsvoyageurs.com\/location\/wp-json\/wp\/v2\/product_cat?post=6014"},{"taxonomy":"product_tag","embeddable":true,"href":"https:\/\/www.lesjouetsvoyageurs.com\/location\/wp-json\/wp\/v2\/product_tag?post=6014"}],"curies":[{"name":"wp","href":"https:\/\/api.w.org\/{rel}","templated":true}]}}