{"id":6029,"date":"2022-03-18T17:17:39","date_gmt":"2022-03-18T15:17:39","guid":{"rendered":"https:\/\/www.lesjouetsvoyageurs.com\/?post_type=product&#038;p=6029"},"modified":"2022-09-18T16:25:47","modified_gmt":"2022-09-18T14:25:47","slug":"grand-hochet-canards-philos","status":"publish","type":"product","link":"https:\/\/www.lesjouetsvoyageurs.com\/location\/jouets\/grand-hochet-canards-philos\/","title":{"rendered":"Grand hochet canards Philos Toys"},"content":{"rendered":"<p>On adore ce grand hochet au look vintage. Il est facile \u00e0 prendre en matin et votre enfant va adorer le secouer pour que les petits canards s&rsquo;agitent dans l&rsquo;eau. Ce jouet est fabriqu\u00e9 en Gr\u00e8ce par l&rsquo;entreprise familiale Philos Toys.<\/p>\n<p>Envie d&rsquo;en savoir plus sur les engagements de la marque?<br \/>\n\ud83d\udc49 Consultez la pr\u00e9sentation de Philos Toys.<\/p>\n<p><span style=\"font-size: 14.4px;\">\ud83d\udc95 Stimule l&rsquo;\u00e9veil de b\u00e9b\u00e9<\/span><\/p>\n<p>Pour les b\u00e9b\u00e9s \u00e0 partir de 3 mois.<\/p>\n<p>LE PRIX ABONN\u00c9 C&rsquo;EST QUOI?<br \/>\nVous avez un coup de coeur pour un jouet propos\u00e9 \u00e0 la location?<br \/>\nNous vous proposons de garder chaque jouet lou\u00e9 \u00e0 un prix pr\u00e9f\u00e9rentiel, clairement indiqu\u00e9 sur chaque fiche.<\/p>\n","protected":false},"excerpt":{"rendered":"<p>Hochet d&rsquo;\u00e9veil pour b\u00e9b\u00e9<\/p>\n<p>\u2764 Adapt\u00e9 aux petites mains<br \/>\n\u2764 Fabriqu\u00e9 en Gr\u00e8ce \ud83c\uddec\ud83c\uddf7<br \/>\n\u2764 A proposer \u00e0 partir de 3 mois<\/p>\n","protected":false},"featured_media":6030,"template":"","meta":[],"product_cat":[15],"product_tag":[],"_links":{"self":[{"href":"https:\/\/www.lesjouetsvoyageurs.com\/location\/wp-json\/wp\/v2\/product\/6029"}],"collection":[{"href":"https:\/\/www.lesjouetsvoyageurs.com\/location\/wp-json\/wp\/v2\/product"}],"about":[{"href":"https:\/\/www.lesjouetsvoyageurs.com\/location\/wp-json\/wp\/v2\/types\/product"}],"wp:featuredmedia":[{"embeddable":true,"href":"https:\/\/www.lesjouetsvoyageurs.com\/location\/wp-json\/wp\/v2\/media\/6030"}],"wp:attachment":[{"href":"https:\/\/www.lesjouetsvoyageurs.com\/location\/wp-json\/wp\/v2\/media?parent=6029"}],"wp:term":[{"taxonomy":"product_cat","embeddable":true,"href":"https:\/\/www.lesjouetsvoyageurs.com\/location\/wp-json\/wp\/v2\/product_cat?post=6029"},{"taxonomy":"product_tag","embeddable":true,"href":"https:\/\/www.lesjouetsvoyageurs.com\/location\/wp-json\/wp\/v2\/product_tag?post=6029"}],"curies":[{"name":"wp","href":"https:\/\/api.w.org\/{rel}","templated":true}]}}