{"id":6048,"date":"2022-03-19T12:55:38","date_gmt":"2022-03-19T10:55:38","guid":{"rendered":"https:\/\/www.lesjouetsvoyageurs.com\/?post_type=product&#038;p=6048"},"modified":"2023-03-23T17:14:07","modified_gmt":"2023-03-23T15:14:07","slug":"bataflash-djeco","status":"publish","type":"product","link":"https:\/\/www.lesjouetsvoyageurs.com\/location\/jouets\/bataflash-djeco\/","title":{"rendered":"Bataflash jeu de cartes Djeco de 5 \u00e0 99 ans"},"content":{"rendered":"<div id=\"product-description-short-2352\" class=\"rte-content\">\n<p>Bataflash de Djeco est un jeu de cartes adapt\u00e9 aux enfants de 5 et plus. Dans ce jeu de bataille et de rapidit\u00e9, on d\u00e9veloppe son sens de l&rsquo;observation. Il faut \u00eatre le premier \u00e0 trouver quel animal ont en commun les cartes pos\u00e9es sur la table. S&rsquo;il n&rsquo;y en a aucun, il faut \u00eatre le premier \u00e0 crier \u00ab\u00a0Bataflash\u00a0\u00bb pour r\u00e9cup\u00e9rer les cartes et esp\u00e9rer remporter la partie.<\/p>\n<p>Bataflash se joue de 2 \u00e0 4 joueurs et une partie dure environ 15 minutes.<\/p>\n<\/div>\n<p>\ud83d\udc49 Consultez la pr\u00e9sentation de Djeco.<\/p>\n<p><span style=\"font-size: 14.4px;\">\ud83d\udc95\u00a0 D\u00e9veloppe le sens de l&rsquo;observation<\/span><\/p>\n<p>LE PRIX ABONN\u00c9 C&rsquo;EST QUOI?<br \/>\nVous avez un coup de coeur pour un jouet propos\u00e9 \u00e0 la location?<br \/>\nNous vous proposons de garder chaque jouet lou\u00e9 \u00e0 un prix pr\u00e9f\u00e9rentiel, clairement indiqu\u00e9 sur chaque fiche.<\/p>\n","protected":false},"excerpt":{"rendered":"<p>Jeu de cartes Bataflash<\/p>\n<p>\u2764 Se joue de 5 \u00e0 99 ans<br \/>\n\u2764 D\u00e9veloppe l&rsquo;observation<br \/>\n\u2764 Jeu de rapidit\u00e9<\/p>\n","protected":false},"featured_media":6050,"template":"","meta":[],"product_cat":[15],"product_tag":[],"_links":{"self":[{"href":"https:\/\/www.lesjouetsvoyageurs.com\/location\/wp-json\/wp\/v2\/product\/6048"}],"collection":[{"href":"https:\/\/www.lesjouetsvoyageurs.com\/location\/wp-json\/wp\/v2\/product"}],"about":[{"href":"https:\/\/www.lesjouetsvoyageurs.com\/location\/wp-json\/wp\/v2\/types\/product"}],"wp:featuredmedia":[{"embeddable":true,"href":"https:\/\/www.lesjouetsvoyageurs.com\/location\/wp-json\/wp\/v2\/media\/6050"}],"wp:attachment":[{"href":"https:\/\/www.lesjouetsvoyageurs.com\/location\/wp-json\/wp\/v2\/media?parent=6048"}],"wp:term":[{"taxonomy":"product_cat","embeddable":true,"href":"https:\/\/www.lesjouetsvoyageurs.com\/location\/wp-json\/wp\/v2\/product_cat?post=6048"},{"taxonomy":"product_tag","embeddable":true,"href":"https:\/\/www.lesjouetsvoyageurs.com\/location\/wp-json\/wp\/v2\/product_tag?post=6048"}],"curies":[{"name":"wp","href":"https:\/\/api.w.org\/{rel}","templated":true}]}}