{"id":6055,"date":"2022-03-19T14:52:53","date_gmt":"2022-03-19T12:52:53","guid":{"rendered":"https:\/\/www.lesjouetsvoyageurs.com\/?post_type=product&#038;p=6055"},"modified":"2022-09-18T16:20:34","modified_gmt":"2022-09-18T14:20:34","slug":"rallye-memo","status":"publish","type":"product","link":"https:\/\/www.lesjouetsvoyageurs.com\/location\/jouets\/rallye-memo\/","title":{"rendered":"Rallye m\u00e9mo HABA &#8211; jeu de m\u00e9moire et de course 5 ans et +"},"content":{"rendered":"<p><span style=\"font-size: 14.4px;\">Rallye Memo Haba est un jeu de m\u00e9moire et de course palpitant. Pour remporter la course, les pilotes devront m\u00e9moriser le meilleur chemin et surtout ne pas finir dans une impasse ! Mais la piste est difficile et change constamment&#8230; Qui conduira son bolide le plus vite jusqu&rsquo;au stand, puis r\u00e9ussira \u00e0 atteindre l&rsquo;arriv\u00e9e en premier ?<\/span><\/p>\n<p>Un jeu pour 2 \u00e0 4 joueurs de 5 \u00e0 99 ans. Une partie dure jusqu&rsquo;\u00e0 15 minutes.<\/p>\n<p>La bo\u00eete de Rallye M\u00e9mo Haba contient 4 voitures de rallye, 24 plaquettes de piste, 1 plaquette stand, 4 plaquettes d\u00e9part\/arriv\u00e9e, 4 plaquettes jerrican et 1 r\u00e8gle du jeu.<\/p>\n<p>\ud83d\udc49 Consultez la pr\u00e9sentation de Haba.<\/p>\n<p><span style=\"font-size: 14.4px;\">\ud83d\udc95 Associe un jeu de course et un jeu de m\u00e9mory.<br \/>\n<\/span><\/p>\n<p>Un jeu de soci\u00e9t\u00e9 fabriqu\u00e9 en Allemagne.<\/p>\n<p>LE PRIX ABONN\u00c9 C&rsquo;EST QUOI?<br \/>\nVous avez un coup de coeur pour un jouet propos\u00e9 \u00e0 la location?<br \/>\nNous vous proposons de garder chaque jouet lou\u00e9 \u00e0 un prix pr\u00e9f\u00e9rentiel, clairement indiqu\u00e9 sur chaque fiche.<\/p>\n","protected":false},"excerpt":{"rendered":"<p>Jeu Haba \u00e0 partir de 5 ans<\/p>\n<p>\u2764 Un jeu de course palpitant<br \/>\n\u2764 D\u00e9veloppe la m\u00e9moire<br \/>\n\u2764 De 5 \u00e0 99 ans<\/p>\n","protected":false},"featured_media":6056,"template":"","meta":[],"product_cat":[15],"product_tag":[],"_links":{"self":[{"href":"https:\/\/www.lesjouetsvoyageurs.com\/location\/wp-json\/wp\/v2\/product\/6055"}],"collection":[{"href":"https:\/\/www.lesjouetsvoyageurs.com\/location\/wp-json\/wp\/v2\/product"}],"about":[{"href":"https:\/\/www.lesjouetsvoyageurs.com\/location\/wp-json\/wp\/v2\/types\/product"}],"wp:featuredmedia":[{"embeddable":true,"href":"https:\/\/www.lesjouetsvoyageurs.com\/location\/wp-json\/wp\/v2\/media\/6056"}],"wp:attachment":[{"href":"https:\/\/www.lesjouetsvoyageurs.com\/location\/wp-json\/wp\/v2\/media?parent=6055"}],"wp:term":[{"taxonomy":"product_cat","embeddable":true,"href":"https:\/\/www.lesjouetsvoyageurs.com\/location\/wp-json\/wp\/v2\/product_cat?post=6055"},{"taxonomy":"product_tag","embeddable":true,"href":"https:\/\/www.lesjouetsvoyageurs.com\/location\/wp-json\/wp\/v2\/product_tag?post=6055"}],"curies":[{"name":"wp","href":"https:\/\/api.w.org\/{rel}","templated":true}]}}