{"id":6058,"date":"2022-03-19T15:04:03","date_gmt":"2022-03-19T13:04:03","guid":{"rendered":"https:\/\/www.lesjouetsvoyageurs.com\/?post_type=product&#038;p=6058"},"modified":"2023-03-23T17:07:47","modified_gmt":"2023-03-23T15:07:47","slug":"super-mini-rafle-de-chaussettes","status":"publish","type":"product","link":"https:\/\/www.lesjouetsvoyageurs.com\/location\/jouets\/super-mini-rafle-de-chaussettes\/","title":{"rendered":"Super mini rafle de chaussettes HABA &#8211; Jeu de rapidit\u00e9 4 ans et +"},"content":{"rendered":"<p><span style=\"font-size: 14.4px;\">Super mini rafle de chaussettes Haba est un jeu de rapidit\u00e9 qui n\u00e9cessite \u00e9galement de la concentration ! C&rsquo;est le jour de la lessive et le monstre aux chaussettes a tout mis sens dessus dessous dans la buanderie&#8230; Pour gagner, il faudra \u00eatre fin observateur et vite fouiller le tas de chaussettes pour les remettre les chaussettes dans les bonnes corbeilles ! Le plus rapide r\u00e9cup\u00e9rera un jeton du monstre pour le lave-linge \ud83d\ude42<\/span><\/p>\n<p>Un jeu pour 2 \u00e0 4 joueurs de 4 \u00e0 99 ans. Une partie dure jusqu&rsquo;\u00e0 10 minutes.<\/p>\n<p>La bo\u00eete de Super mini rafle de chaussettes Haba contient 33 corbeilles \u00e0 chaussettes, 9 jetons et une r\u00e8gle du jeu.<\/p>\n<p>\ud83d\udc49 Consultez la pr\u00e9sentation de Haba.<\/p>\n<p><span style=\"font-size: 14.4px;\">\ud83d\udc95 N\u00e9cessite concentration et rapidit\u00e9 !<br \/>\n<\/span><\/p>\n<p>Un jeu de soci\u00e9t\u00e9 fabriqu\u00e9 en Allemagne.<\/p>\n<p>LE PRIX ABONN\u00c9 C&rsquo;EST QUOI?<br \/>\nVous avez un coup de coeur pour un jouet propos\u00e9 \u00e0 la location?<br \/>\nNous vous proposons de garder chaque jouet lou\u00e9 \u00e0 un prix pr\u00e9f\u00e9rentiel, clairement indiqu\u00e9 sur chaque fiche.<\/p>\n","protected":false},"excerpt":{"rendered":"<p>Jeu Haba \u00e0 partir de 4 ans<\/p>\n<p>\u2764 Un jeu de rapidit\u00e9<br \/>\n\u2764 D\u00e9veloppe la concentration<br \/>\n\u2764 De 4 \u00e0 99 ans<\/p>\n","protected":false},"featured_media":6060,"template":"","meta":[],"product_cat":[15],"product_tag":[],"_links":{"self":[{"href":"https:\/\/www.lesjouetsvoyageurs.com\/location\/wp-json\/wp\/v2\/product\/6058"}],"collection":[{"href":"https:\/\/www.lesjouetsvoyageurs.com\/location\/wp-json\/wp\/v2\/product"}],"about":[{"href":"https:\/\/www.lesjouetsvoyageurs.com\/location\/wp-json\/wp\/v2\/types\/product"}],"wp:featuredmedia":[{"embeddable":true,"href":"https:\/\/www.lesjouetsvoyageurs.com\/location\/wp-json\/wp\/v2\/media\/6060"}],"wp:attachment":[{"href":"https:\/\/www.lesjouetsvoyageurs.com\/location\/wp-json\/wp\/v2\/media?parent=6058"}],"wp:term":[{"taxonomy":"product_cat","embeddable":true,"href":"https:\/\/www.lesjouetsvoyageurs.com\/location\/wp-json\/wp\/v2\/product_cat?post=6058"},{"taxonomy":"product_tag","embeddable":true,"href":"https:\/\/www.lesjouetsvoyageurs.com\/location\/wp-json\/wp\/v2\/product_tag?post=6058"}],"curies":[{"name":"wp","href":"https:\/\/api.w.org\/{rel}","templated":true}]}}