{"id":6064,"date":"2022-03-19T15:23:39","date_gmt":"2022-03-19T13:23:39","guid":{"rendered":"https:\/\/www.lesjouetsvoyageurs.com\/?post_type=product&#038;p=6064"},"modified":"2023-02-18T18:14:40","modified_gmt":"2023-02-18T16:14:40","slug":"mon-memo-cartable-haba","status":"publish","type":"product","link":"https:\/\/www.lesjouetsvoyageurs.com\/location\/jouets\/mon-memo-cartable-haba\/","title":{"rendered":"Mon m\u00e9mo cartable HABA &#8211; Jeu de m\u00e9moire 5 ans et +"},"content":{"rendered":"<p><span style=\"font-size: 14.4px;\">Mon m\u00e9mo cartable Haba est un jeu de m\u00e9moire pour 2 \u00e0 5 joueurs \u00e0 partir de 5 ans. La bo\u00eete contient 30 tuiles cartable, 1 bonbon en bois, 1 plaquette cartable et la r\u00e8gle du jeu. Le but du jeu est d&rsquo;\u00eatre le premier \u00e0 recomposer son cartable avec 6 tuiles. Lorsque l&rsquo;on retourne deux tuiles diff\u00e9rentes, c&rsquo;est perdu. Si l&rsquo;on retourne deux tuiles identiques, on peut prendre l&rsquo;une d&rsquo;elle pour recomposer notre cartable.<\/span><\/p>\n<p>Une partie de m\u00e9mo cartable peut durer jusqu&rsquo;\u00e0 10 minutes.<\/p>\n<p>\ud83d\udc49 Consultez la pr\u00e9sentation de Haba.<\/p>\n<p><span style=\"font-size: 14.4px;\">\ud83d\udc95 N\u00e9cessite m\u00e9moire et concentration.<br \/>\n<\/span><\/p>\n<p>Un jeu de soci\u00e9t\u00e9 fabriqu\u00e9 en Allemagne.<\/p>\n<p>LE PRIX ABONN\u00c9 C&rsquo;EST QUOI?<br \/>\nVous avez un coup de coeur pour un jouet propos\u00e9 \u00e0 la location?<br \/>\nNous vous proposons de garder chaque jouet lou\u00e9 \u00e0 un prix pr\u00e9f\u00e9rentiel, clairement indiqu\u00e9 sur chaque fiche.<\/p>\n","protected":false},"excerpt":{"rendered":"<p>Jeu Haba \u00e0 partir de 5 ans<\/p>\n<p>\u2764 Jeu de m\u00e9mory<br \/>\n\u2764 Parfait pour pr\u00e9parer la rentr\u00e9e<br \/>\n\u2764 De 5 \u00e0 99 ans<\/p>\n","protected":false},"featured_media":6066,"template":"","meta":[],"product_cat":[15],"product_tag":[],"_links":{"self":[{"href":"https:\/\/www.lesjouetsvoyageurs.com\/location\/wp-json\/wp\/v2\/product\/6064"}],"collection":[{"href":"https:\/\/www.lesjouetsvoyageurs.com\/location\/wp-json\/wp\/v2\/product"}],"about":[{"href":"https:\/\/www.lesjouetsvoyageurs.com\/location\/wp-json\/wp\/v2\/types\/product"}],"wp:featuredmedia":[{"embeddable":true,"href":"https:\/\/www.lesjouetsvoyageurs.com\/location\/wp-json\/wp\/v2\/media\/6066"}],"wp:attachment":[{"href":"https:\/\/www.lesjouetsvoyageurs.com\/location\/wp-json\/wp\/v2\/media?parent=6064"}],"wp:term":[{"taxonomy":"product_cat","embeddable":true,"href":"https:\/\/www.lesjouetsvoyageurs.com\/location\/wp-json\/wp\/v2\/product_cat?post=6064"},{"taxonomy":"product_tag","embeddable":true,"href":"https:\/\/www.lesjouetsvoyageurs.com\/location\/wp-json\/wp\/v2\/product_tag?post=6064"}],"curies":[{"name":"wp","href":"https:\/\/api.w.org\/{rel}","templated":true}]}}