{"id":6076,"date":"2022-03-25T16:28:05","date_gmt":"2022-03-25T14:28:05","guid":{"rendered":"https:\/\/www.lesjouetsvoyageurs.com\/?post_type=product&#038;p=6076"},"modified":"2023-05-15T12:58:57","modified_gmt":"2023-05-15T10:58:57","slug":"cascade-des-acrobates-vilac","status":"publish","type":"product","link":"https:\/\/www.lesjouetsvoyageurs.com\/location\/jouets\/cascade-des-acrobates-vilac\/","title":{"rendered":"Cascade des acrobates Vilac"},"content":{"rendered":"<p>La cascade des acrobates a \u00e9t\u00e9 dessin\u00e9e par Ingela P. Arrhenius. Les personnages en bois entrent en piste et tournoient avec gr\u00e2ce pour le plaisir de tous ! Cette cascade est constitu\u00e9e de 4 rampes de couleur bleu, rose, jaune et rouge. Celles-ci serviront aux six personnages en bois pour leur acrobaties : un clown, un cheval, un lion, un chien, une roue, et une danseuse.<\/p>\n<p>Mettez-les en place et faites-les d\u00e9valer uns apr\u00e8s les autres ! En avant le spectacle, les acrobates se balancent sous les yeux des enfants \u00e9bahis ! Dimensions : 37 x 35 x 12 cm.<\/p>\n<p>Envie d&rsquo;en savoir plus sur les engagements de la marque?<br \/>\n\ud83d\udc49\u00a0 Consultez la pr\u00e9sentation de Vilac<\/p>\n<p><span style=\"font-size: 14.4px;\">\ud83d\udc95 Emerveillement pour les tout-petits<\/span><\/p>\n<p>LE PRIX ABONN\u00c9 C&rsquo;EST QUOI?<br \/>\nVous avez un coup de coeur pour un jouet propos\u00e9 \u00e0 la location?<br \/>\nNous vous proposons de garder chaque jouet lou\u00e9 \u00e0 un prix pr\u00e9f\u00e9rentiel, clairement indiqu\u00e9 sur chaque fiche.<\/p>\n","protected":false},"excerpt":{"rendered":"<p>Cascade des acrobates<\/p>\n<p>\u2764 Sur le th\u00e8me du cirque<br \/>\n\u2764 Emerveille les plus petits<br \/>\n\u2764 <span style=\"font-size: 14.4px;\">6 personnages en bois<\/span><\/p>\n","protected":false},"featured_media":6078,"template":"","meta":[],"product_cat":[15],"product_tag":[],"_links":{"self":[{"href":"https:\/\/www.lesjouetsvoyageurs.com\/location\/wp-json\/wp\/v2\/product\/6076"}],"collection":[{"href":"https:\/\/www.lesjouetsvoyageurs.com\/location\/wp-json\/wp\/v2\/product"}],"about":[{"href":"https:\/\/www.lesjouetsvoyageurs.com\/location\/wp-json\/wp\/v2\/types\/product"}],"wp:featuredmedia":[{"embeddable":true,"href":"https:\/\/www.lesjouetsvoyageurs.com\/location\/wp-json\/wp\/v2\/media\/6078"}],"wp:attachment":[{"href":"https:\/\/www.lesjouetsvoyageurs.com\/location\/wp-json\/wp\/v2\/media?parent=6076"}],"wp:term":[{"taxonomy":"product_cat","embeddable":true,"href":"https:\/\/www.lesjouetsvoyageurs.com\/location\/wp-json\/wp\/v2\/product_cat?post=6076"},{"taxonomy":"product_tag","embeddable":true,"href":"https:\/\/www.lesjouetsvoyageurs.com\/location\/wp-json\/wp\/v2\/product_tag?post=6076"}],"curies":[{"name":"wp","href":"https:\/\/api.w.org\/{rel}","templated":true}]}}