{"id":6082,"date":"2022-03-25T17:36:32","date_gmt":"2022-03-25T15:36:32","guid":{"rendered":"https:\/\/www.lesjouetsvoyageurs.com\/?post_type=product&#038;p=6082"},"modified":"2024-02-18T18:49:40","modified_gmt":"2024-02-18T16:49:40","slug":"jeu-de-domino-en-bois-coccinelles-goki","status":"publish","type":"product","link":"https:\/\/www.lesjouetsvoyageurs.com\/location\/jouets\/jeu-de-domino-en-bois-coccinelles-goki\/","title":{"rendered":"Jeu de domino en bois Coccinelles &#8211; Goki"},"content":{"rendered":"<div class=\"wrapper_desc_content\">\n<div class=\"productDescription__block productDescription__bs\">\n<p>Ce jeu de domino en bois Goki plaira beaucoup aux enfants avec ses coccinelles. Comme dans un jeu de dominos classique, il faut juxtaposer les dominos qui pr\u00e9sentent le m\u00eame nombre de coccinelles. Au passage, on apprend \u00e0 compter jusqu&rsquo;\u00e0 six ! Pour les enfants de 3 ans et plus.<\/p>\n<p>La bo\u00eete contient 28 dominos en bois et une r\u00e8gle du jeu.<\/p>\n<\/div>\n<\/div>\n<p>\ud83d\udc49 Consultez la pr\u00e9sentation de Goki.<\/p>\n<p><span style=\"font-size: 14.4px;\">\ud83d\udc95\u00a0 Le th\u00e8me des coccinelles<\/span><\/p>\n<p>LE PRIX ABONN\u00c9 C&rsquo;EST QUOI?<br \/>\nVous avez un coup de coeur pour un jouet propos\u00e9 \u00e0 la location?<br \/>\nNous vous proposons de garder chaque jouet lou\u00e9 \u00e0 un prix pr\u00e9f\u00e9rentiel, clairement indiqu\u00e9 sur chaque fiche.<\/p>\n","protected":false},"excerpt":{"rendered":"<p>Jeu de dominos Goki<\/p>\n<p><span style=\"font-size: 14.4px;\">\u2764 28 dominos en bois<br \/>\n<\/span>\u2764 Sur le th\u00e8me des coccinnelles<br \/>\n\u2764 Fabriqu\u00e9 en Allemagne<\/p>\n","protected":false},"featured_media":6083,"template":"","meta":[],"product_cat":[15],"product_tag":[],"_links":{"self":[{"href":"https:\/\/www.lesjouetsvoyageurs.com\/location\/wp-json\/wp\/v2\/product\/6082"}],"collection":[{"href":"https:\/\/www.lesjouetsvoyageurs.com\/location\/wp-json\/wp\/v2\/product"}],"about":[{"href":"https:\/\/www.lesjouetsvoyageurs.com\/location\/wp-json\/wp\/v2\/types\/product"}],"wp:featuredmedia":[{"embeddable":true,"href":"https:\/\/www.lesjouetsvoyageurs.com\/location\/wp-json\/wp\/v2\/media\/6083"}],"wp:attachment":[{"href":"https:\/\/www.lesjouetsvoyageurs.com\/location\/wp-json\/wp\/v2\/media?parent=6082"}],"wp:term":[{"taxonomy":"product_cat","embeddable":true,"href":"https:\/\/www.lesjouetsvoyageurs.com\/location\/wp-json\/wp\/v2\/product_cat?post=6082"},{"taxonomy":"product_tag","embeddable":true,"href":"https:\/\/www.lesjouetsvoyageurs.com\/location\/wp-json\/wp\/v2\/product_tag?post=6082"}],"curies":[{"name":"wp","href":"https:\/\/api.w.org\/{rel}","templated":true}]}}