{"id":6090,"date":"2022-03-25T18:49:56","date_gmt":"2022-03-25T16:49:56","guid":{"rendered":"https:\/\/www.lesjouetsvoyageurs.com\/?post_type=product&#038;p=6090"},"modified":"2022-09-18T16:16:49","modified_gmt":"2022-09-18T14:16:49","slug":"jeu-avant-apres-goki","status":"publish","type":"product","link":"https:\/\/www.lesjouetsvoyageurs.com\/location\/jouets\/jeu-avant-apres-goki\/","title":{"rendered":"Jeu \u00e9ducatif avant \/ apr\u00e8s \u00e0 partir de 5 ans &#8211; Goki"},"content":{"rendered":"<div class=\"wrapper_desc_content\">\n<div class=\"productDescription__block productDescription__bs\">\n<p>Ce jeu avant \/ apr\u00e8s de Goki est bas\u00e9 sur les s\u00e9quences. Il permet aux enfants \u00e0 partir de 4\/5 ans de jouer et de discuter avec les grands. Il comprend 30 pi\u00e8ces en bois pour un total de 10 situations comme le bonhomme de neige qui fond au soleil ou le r\u00e9veil matin qui nous pousse hors du lit&#8230; Ce jeu contient une r\u00e8gle avec 3 variantes pour des difficult\u00e9s diff\u00e9rentes.<\/p>\n<\/div>\n<\/div>\n<p>\ud83d\udc49 Consultez la pr\u00e9sentation de Goki.<\/p>\n<p><span style=\"font-size: 14.4px;\">\ud83d\udc95\u00a0 3 variantes de jeu<\/span><\/p>\n<p>LE PRIX ABONN\u00c9 C&rsquo;EST QUOI?<br \/>\nVous avez un coup de coeur pour un jouet propos\u00e9 \u00e0 la location?<br \/>\nNous vous proposons de garder chaque jouet lou\u00e9 \u00e0 un prix pr\u00e9f\u00e9rentiel, clairement indiqu\u00e9 sur chaque fiche.<\/p>\n","protected":false},"excerpt":{"rendered":"<p>Jeu avant \/ apr\u00e8s Goki<\/p>\n<p><span style=\"font-size: 14.4px;\">\u2764 10 sc\u00e8nes \u00e0 reconstituer<br \/>\n<\/span>\u2764 3 variantes avec des difficult\u00e9s diff\u00e9rentes<br \/>\n\u2764 Fabriqu\u00e9 en Allemagne<\/p>\n","protected":false},"featured_media":6091,"template":"","meta":[],"product_cat":[15],"product_tag":[],"_links":{"self":[{"href":"https:\/\/www.lesjouetsvoyageurs.com\/location\/wp-json\/wp\/v2\/product\/6090"}],"collection":[{"href":"https:\/\/www.lesjouetsvoyageurs.com\/location\/wp-json\/wp\/v2\/product"}],"about":[{"href":"https:\/\/www.lesjouetsvoyageurs.com\/location\/wp-json\/wp\/v2\/types\/product"}],"wp:featuredmedia":[{"embeddable":true,"href":"https:\/\/www.lesjouetsvoyageurs.com\/location\/wp-json\/wp\/v2\/media\/6091"}],"wp:attachment":[{"href":"https:\/\/www.lesjouetsvoyageurs.com\/location\/wp-json\/wp\/v2\/media?parent=6090"}],"wp:term":[{"taxonomy":"product_cat","embeddable":true,"href":"https:\/\/www.lesjouetsvoyageurs.com\/location\/wp-json\/wp\/v2\/product_cat?post=6090"},{"taxonomy":"product_tag","embeddable":true,"href":"https:\/\/www.lesjouetsvoyageurs.com\/location\/wp-json\/wp\/v2\/product_tag?post=6090"}],"curies":[{"name":"wp","href":"https:\/\/api.w.org\/{rel}","templated":true}]}}