{"id":6200,"date":"2022-06-04T10:55:26","date_gmt":"2022-06-04T08:55:26","guid":{"rendered":"https:\/\/www.lesjouetsvoyageurs.com\/location\/?post_type=product&#038;p=6200"},"modified":"2023-07-20T08:33:29","modified_gmt":"2023-07-20T06:33:29","slug":"petit-morphee","status":"publish","type":"product","link":"https:\/\/www.lesjouetsvoyageurs.com\/location\/jouets\/petit-morphee\/","title":{"rendered":"Liseuse Mon petit Morph\u00e9e"},"content":{"rendered":"<p>Mon Petit Morph\u00e9e permet d&rsquo;accompagner le retour au calme en journ\u00e9e et d&rsquo;accompagner l&rsquo;endormissement le soir. Confortablement install\u00e9 dans son lit ou dans un endroit propice \u00e0 la relaxation, l&rsquo;enfant s\u00e9lectionne sa s\u00e9ance parmi 192 combinaisons.<\/p>\n<p>La premi\u00e8re cl\u00e9 permet de choisir le type de s\u00e9ance : voyage apaisant, m\u00e9ditation guid\u00e9e, son de la nature ou musique douce. La seconde cl\u00e9 permet de choisir l&rsquo;univers : une \u00eele, la montagne&#8230; ou les confins de l&rsquo;espace. Enfin, on positionne le sabler pour une s\u00e9ance courte (8 minutes) ou longue (16 minutes).<\/p>\n<p>Parfait pour les 3-10 ans !<\/p>\n<p>Envie d&rsquo;en savoir plus sur les engagements de la marque?<br \/>\n\ud83d\udc49 Consultez la pr\u00e9sentation de Morph\u00e9e.<\/p>\n<p><span style=\"font-size: 14.4px;\">\ud83d\udc95 Endormissement et retour au calme<\/span><\/p>\n<p>A proposer \u00e0 partir de 3 ans.<\/p>\n<p>LE PRIX ABONN\u00c9 C&rsquo;EST QUOI?<br \/>\nVous avez un coup de coeur pour un jouet propos\u00e9 \u00e0 la location?<br \/>\nNous vous proposons de garder chaque jouet lou\u00e9 \u00e0 un prix pr\u00e9f\u00e9rentiel, clairement indiqu\u00e9 sur chaque fiche.<\/p>\n","protected":false},"excerpt":{"rendered":"<p>Mon Petit Morph\u00e9e<\/p>\n<p>\u2764 Retour au calme<br \/>\n\u2764 Endormissement<br \/>\n\u2764 <span style=\"font-size: 14.4px;\">M\u00e9ditation parent-enfant \ud83c\udf3f<\/span><\/p>\n","protected":false},"featured_media":6201,"template":"","meta":[],"product_cat":[15],"product_tag":[],"_links":{"self":[{"href":"https:\/\/www.lesjouetsvoyageurs.com\/location\/wp-json\/wp\/v2\/product\/6200"}],"collection":[{"href":"https:\/\/www.lesjouetsvoyageurs.com\/location\/wp-json\/wp\/v2\/product"}],"about":[{"href":"https:\/\/www.lesjouetsvoyageurs.com\/location\/wp-json\/wp\/v2\/types\/product"}],"wp:featuredmedia":[{"embeddable":true,"href":"https:\/\/www.lesjouetsvoyageurs.com\/location\/wp-json\/wp\/v2\/media\/6201"}],"wp:attachment":[{"href":"https:\/\/www.lesjouetsvoyageurs.com\/location\/wp-json\/wp\/v2\/media?parent=6200"}],"wp:term":[{"taxonomy":"product_cat","embeddable":true,"href":"https:\/\/www.lesjouetsvoyageurs.com\/location\/wp-json\/wp\/v2\/product_cat?post=6200"},{"taxonomy":"product_tag","embeddable":true,"href":"https:\/\/www.lesjouetsvoyageurs.com\/location\/wp-json\/wp\/v2\/product_tag?post=6200"}],"curies":[{"name":"wp","href":"https:\/\/api.w.org\/{rel}","templated":true}]}}