{"id":6213,"date":"2022-06-14T10:19:47","date_gmt":"2022-06-14T08:19:47","guid":{"rendered":"https:\/\/www.lesjouetsvoyageurs.com\/location\/?post_type=product&#038;p=6213"},"modified":"2023-10-11T14:03:07","modified_gmt":"2023-10-11T12:03:07","slug":"boite-permanence-objet","status":"publish","type":"product","link":"https:\/\/www.lesjouetsvoyageurs.com\/location\/jouets\/boite-permanence-objet\/","title":{"rendered":"Boite de permanence de l&rsquo;objet Aprimi"},"content":{"rendered":"<div data-v-685866b7=\"\">\n<p class=\"description__description\" data-v-685866b7=\"\">Aprimi est une bo\u00eete de permanence de l&rsquo;objet d&rsquo;inspiration Montessori. Elle pr\u00e9sente une porte avec un m\u00e9canisme de serrure simple en bois pour que l&rsquo;enfant aille trouver la balle qu&rsquo;il a ins\u00e9r\u00e9 dans la bo\u00eete. Un jouet fabriqu\u00e9 en Italie, parfait pour les enfants \u00e0 partir de 12 mois.<\/p>\n<\/div>\n<div class=\"description\" data-v-685866b7=\"\">Dimensions : <span style=\"color: #555555; font-size: 14.4px;\">18cm x 12cm x 11cm + 5cm<\/span><\/div>\n<p>Envie d&rsquo;en savoir plus sur les engagements de la marque?<br \/>\n\ud83d\udc49 Consultez la pr\u00e9sentation de Bangarang.<\/p>\n<p><span style=\"font-size: 14.4px;\">\ud83d\udc95 Jouet de qualit\u00e9 fabriqu\u00e9 en Italie<\/span><\/p>\n<p>A proposer \u00e0 partir de 1 an.<\/p>\n<p>LE PRIX ABONN\u00c9 C&rsquo;EST QUOI?<br \/>\nVous avez un coup de coeur pour un jouet propos\u00e9 \u00e0 la location?<br \/>\nNous vous proposons de garder chaque jouet lou\u00e9 \u00e0 un prix pr\u00e9f\u00e9rentiel, clairement indiqu\u00e9 sur chaque fiche.<\/p>\n","protected":false},"excerpt":{"rendered":"<p>Boite en bois Aprimi<\/p>\n<p>\u2764 Inspiration Montessori<br \/>\n\u2764 Fabrication italienne<br \/>\n\u2764 100% bois et feutrine \ud83c\udf3f<\/p>\n","protected":false},"featured_media":6214,"template":"","meta":[],"product_cat":[15],"product_tag":[],"_links":{"self":[{"href":"https:\/\/www.lesjouetsvoyageurs.com\/location\/wp-json\/wp\/v2\/product\/6213"}],"collection":[{"href":"https:\/\/www.lesjouetsvoyageurs.com\/location\/wp-json\/wp\/v2\/product"}],"about":[{"href":"https:\/\/www.lesjouetsvoyageurs.com\/location\/wp-json\/wp\/v2\/types\/product"}],"wp:featuredmedia":[{"embeddable":true,"href":"https:\/\/www.lesjouetsvoyageurs.com\/location\/wp-json\/wp\/v2\/media\/6214"}],"wp:attachment":[{"href":"https:\/\/www.lesjouetsvoyageurs.com\/location\/wp-json\/wp\/v2\/media?parent=6213"}],"wp:term":[{"taxonomy":"product_cat","embeddable":true,"href":"https:\/\/www.lesjouetsvoyageurs.com\/location\/wp-json\/wp\/v2\/product_cat?post=6213"},{"taxonomy":"product_tag","embeddable":true,"href":"https:\/\/www.lesjouetsvoyageurs.com\/location\/wp-json\/wp\/v2\/product_tag?post=6213"}],"curies":[{"name":"wp","href":"https:\/\/api.w.org\/{rel}","templated":true}]}}