{"id":6329,"date":"2022-09-19T11:44:39","date_gmt":"2022-09-19T09:44:39","guid":{"rendered":"https:\/\/www.lesjouetsvoyageurs.com\/location\/?post_type=product&#038;p=6329"},"modified":"2022-09-19T18:00:35","modified_gmt":"2022-09-19T16:00:35","slug":"jeu-cartes-hanabi","status":"publish","type":"product","link":"https:\/\/www.lesjouetsvoyageurs.com\/location\/jouets\/jeu-cartes-hanabi\/","title":{"rendered":"Jeu de cartes Hanabi &#8211; 8 ans et +"},"content":{"rendered":"<p>Le jeu de cartes Hanabi est un jeu de coop\u00e9ration. Les joueurs sont des artificiers qui ont pour mission de r\u00e9aliser le plus beau des spectacles !<\/p>\n<p>Chaque joueurs re\u00e7oit 5 cartes mais n&rsquo;a pas le droit de les regarder. En effet dans Hanabi, chaque joueur tient ses cartes&#8230; \u00e0 l&rsquo;envers ! Ce sont les co\u00e9quipier qui fourniront de pr\u00e9cieuses informations qu&rsquo;il faudra m\u00e9moriser pour jouer la bonne carte au bon moment. Tous ensemble, les joueurs devront r\u00e9aliser des s\u00e9ries de 1 \u00e0 5 dans chacune des 5 couleurs pr\u00e9sentes dans le jeu.<\/p>\n<p>Envie d&rsquo;en savoir plus sur les engagements de la marque?<br \/>\n\ud83d\udc49 Consultez la pr\u00e9sentation de <a href=\"https:\/\/www.cocktailgames.com\/\" target=\"_blank\" rel=\"noopener\">Cocktail Games<\/a>.<\/p>\n<p><span style=\"font-size: 14.4px;\">\ud83d\udc95 Jeu coop\u00e9ratif et original<\/span><\/p>\n<p>Hanabi convient aux enfants et adultes d\u00e8s 8 ans.<br \/>\nVous aimez les jeux coop\u00e9ratifs? D\u00e9couvrez \u00e9galement <a href=\"https:\/\/www.lesjouetsvoyageurs.com\/location\/jouets\/jeu-cartes-bandido\/\">Bandido<\/a> !<\/p>\n<p>LE PRIX ABONN\u00c9 C&rsquo;EST QUOI?<\/p>\n<p>Vous avez un coup de coeur pour un jouet propos\u00e9 \u00e0 la location?<br \/>\nNous vous proposons de garder chaque jouet lou\u00e9 \u00e0 un prix pr\u00e9f\u00e9rentiel, clairement indiqu\u00e9 sur chaque fiche.<\/p>\n","protected":false},"excerpt":{"rendered":"<p>Jeu coop\u00e9ratif au m\u00e9canisme original<\/p>\n<p>\u2764 Boite m\u00e9tal \u00e0 emmener partout<br \/>\n\u2764 Fonctionnement original<br \/>\n\u2764 2 \u00e0 5 joueurs<\/p>\n","protected":false},"featured_media":6331,"template":"","meta":[],"product_cat":[15],"product_tag":[],"_links":{"self":[{"href":"https:\/\/www.lesjouetsvoyageurs.com\/location\/wp-json\/wp\/v2\/product\/6329"}],"collection":[{"href":"https:\/\/www.lesjouetsvoyageurs.com\/location\/wp-json\/wp\/v2\/product"}],"about":[{"href":"https:\/\/www.lesjouetsvoyageurs.com\/location\/wp-json\/wp\/v2\/types\/product"}],"wp:featuredmedia":[{"embeddable":true,"href":"https:\/\/www.lesjouetsvoyageurs.com\/location\/wp-json\/wp\/v2\/media\/6331"}],"wp:attachment":[{"href":"https:\/\/www.lesjouetsvoyageurs.com\/location\/wp-json\/wp\/v2\/media?parent=6329"}],"wp:term":[{"taxonomy":"product_cat","embeddable":true,"href":"https:\/\/www.lesjouetsvoyageurs.com\/location\/wp-json\/wp\/v2\/product_cat?post=6329"},{"taxonomy":"product_tag","embeddable":true,"href":"https:\/\/www.lesjouetsvoyageurs.com\/location\/wp-json\/wp\/v2\/product_tag?post=6329"}],"curies":[{"name":"wp","href":"https:\/\/api.w.org\/{rel}","templated":true}]}}