{"id":6340,"date":"2022-09-19T17:09:22","date_gmt":"2022-09-19T15:09:22","guid":{"rendered":"https:\/\/www.lesjouetsvoyageurs.com\/location\/?post_type=product&#038;p=6340"},"modified":"2023-04-01T08:00:28","modified_gmt":"2023-04-01T06:00:28","slug":"jeu-de-cartes-skyjo","status":"publish","type":"product","link":"https:\/\/www.lesjouetsvoyageurs.com\/location\/jouets\/jeu-de-cartes-skyjo\/","title":{"rendered":"Jeu de cartes Skyjo"},"content":{"rendered":"<p>Une partie de Skyjo se d\u00e9roule en plusieurs manches. Chaque joueur re\u00e7oit 12 cartes qu&rsquo;il peut mettre face cach\u00e9 devant lui de la mani\u00e8re suivante 3 cartes verticales sur 4 cartes horizontales.<\/p>\n<p>Pendant la partie il y aura 2 tas, l&rsquo;un repr\u00e9sentant la pioche et l&rsquo;autre la d\u00e9fausse pour enlever les cartes qui ne seront pas int\u00e9ressantes pour le joueur ou pour \u00e9changer des cartes. L&rsquo;objectif est d&rsquo;obtenir une score minime \u00e0 chaque partie. Dans les cartes des points n\u00e9gatifs sont \u00e0 obtenir pour diminuer votre score. Une r\u00e8gle sp\u00e9ciale est mise en place et permet de retirer des points ce qui perturbe le jeu. Cela signifie que rien est perdu et que tout est possible !<\/p>\n<p>Apr\u00e8s chaque manche de Skyjo, les joueurs comptent leurs points qui sont ajout\u00e9s au score total des manches pr\u00e9c\u00e9dentes. La partie est finie lorsqu&rsquo;un joueur atteint les 100 points suite \u00e0 plusieurs manches. Le gagnant est celui qui a le plus petit score.<\/p>\n<p>Skyjo peut se jouer de 2 \u00e0 8 personnes. Id\u00e9al pour des soir\u00e9es entre amis ou en famille.<\/p>\n<p>Envie d&rsquo;en savoir plus sur les engagements de la marque?<br \/>\n\ud83d\udc49 Consultez la pr\u00e9sentation de <a href=\"https:\/\/blackrockgames.fr\/\" target=\"_blank\" rel=\"noopener\">Blackrock games<\/a>.<\/p>\n<p><span style=\"font-size: 14.4px;\">\ud83d\udc95 Jeu de cartes familial<\/span><\/p>\n<p>Skyjo convient aux enfants et adultes d\u00e8s 8 ans.<\/p>\n<p>LE PRIX ABONN\u00c9 C&rsquo;EST QUOI?<\/p>\n<p>Vous avez un coup de coeur pour un jouet propos\u00e9 \u00e0 la location?<br \/>\nNous vous proposons de garder chaque jouet lou\u00e9 \u00e0 un prix pr\u00e9f\u00e9rentiel, clairement indiqu\u00e9 sur chaque fiche.<\/p>\n","protected":false},"excerpt":{"rendered":"<p>Jeu de cartes<\/p>\n<p>\u2764 Id\u00e9al pour des soir\u00e9es en amis ou en famille<br \/>\n\u2764 Apporte de la r\u00e9flexion<br \/>\n\u2764 2 \u00e0 8 joueurs<\/p>\n","protected":false},"featured_media":6341,"template":"","meta":[],"product_cat":[15],"product_tag":[],"_links":{"self":[{"href":"https:\/\/www.lesjouetsvoyageurs.com\/location\/wp-json\/wp\/v2\/product\/6340"}],"collection":[{"href":"https:\/\/www.lesjouetsvoyageurs.com\/location\/wp-json\/wp\/v2\/product"}],"about":[{"href":"https:\/\/www.lesjouetsvoyageurs.com\/location\/wp-json\/wp\/v2\/types\/product"}],"wp:featuredmedia":[{"embeddable":true,"href":"https:\/\/www.lesjouetsvoyageurs.com\/location\/wp-json\/wp\/v2\/media\/6341"}],"wp:attachment":[{"href":"https:\/\/www.lesjouetsvoyageurs.com\/location\/wp-json\/wp\/v2\/media?parent=6340"}],"wp:term":[{"taxonomy":"product_cat","embeddable":true,"href":"https:\/\/www.lesjouetsvoyageurs.com\/location\/wp-json\/wp\/v2\/product_cat?post=6340"},{"taxonomy":"product_tag","embeddable":true,"href":"https:\/\/www.lesjouetsvoyageurs.com\/location\/wp-json\/wp\/v2\/product_tag?post=6340"}],"curies":[{"name":"wp","href":"https:\/\/api.w.org\/{rel}","templated":true}]}}