{"id":6365,"date":"2022-09-20T16:06:37","date_gmt":"2022-09-20T14:06:37","guid":{"rendered":"https:\/\/www.lesjouetsvoyageurs.com\/location\/?post_type=product&#038;p=6365"},"modified":"2023-08-19T10:23:41","modified_gmt":"2023-08-19T08:23:41","slug":"marche-du-crabe","status":"publish","type":"product","link":"https:\/\/www.lesjouetsvoyageurs.com\/location\/jouets\/marche-du-crabe\/","title":{"rendered":"La marche du crabe jeu coop\u00e9ratif 2 joueurs"},"content":{"rendered":"<p>La marche du crabe est un jeu de d\u00e9duction coop\u00e9ratif. Un jeu tr\u00e8s immersif pour deux joueurs o\u00f9 l&rsquo;on incarne deux crabes qui ont pour mission de lib\u00e9rer leurs autres amis crabes !<\/p>\n<p>Pour jouer, on installe une plage avec les diff\u00e9rentes cartes disponibles. Sur la plage, les humains ont abandonn\u00e9 diff\u00e9rents objets qui bloquent le passage des crabes. Certains de ces objets cachent des crabes \u00e0 lib\u00e9rer&#8230; ou des pi\u00e8ges !<\/p>\n<p>Pour gagner, il vous faudra communiquer. Sauf que vous n&rsquo;avez pas le droit de parler ! Un jeu coup de coeur \u00e0 d\u00e9couvrir. On aime la rejouabilit\u00e9 grace au mode sc\u00e9nario pr\u00e9sent dans la bo\u00eete de jeu.<\/p>\n<p>Envie d&rsquo;en savoir plus sur les engagements de la marque?<br \/>\n\ud83d\udc49 Consultez la pr\u00e9sentation de <a href=\"https:\/\/www.jeux-opla.fr\/\" target=\"_blank\" rel=\"noopener\">Jeux Opla<\/a>.<\/p>\n<p><span style=\"font-size: 14.4px;\">\ud83d\udc95 Jeu coop\u00e9ratif pour 2 joueurs<\/span><\/p>\n<p>La marche du crabe convient aux enfants et adultes d\u00e8s 8 ans.<\/p>\n<p>LE PRIX ABONN\u00c9 C&rsquo;EST QUOI?<\/p>\n<p>Vous avez un coup de coeur pour un jouet propos\u00e9 \u00e0 la location?<br \/>\nNous vous proposons de garder chaque jouet lou\u00e9 \u00e0 un prix pr\u00e9f\u00e9rentiel, clairement indiqu\u00e9 sur chaque fiche.<\/p>\n","protected":false},"excerpt":{"rendered":"<p>Jeu La marche du crabe<\/p>\n<p>\u2764 Jeu de r\u00e9flexion coop\u00e9ratif<br \/>\n\u2764 Parties rapides de 15 min environ<br \/>\n\u2764 Jeu \u00e9volutif avec plusieurs sc\u00e9narios<\/p>\n","protected":false},"featured_media":6366,"template":"","meta":[],"product_cat":[15],"product_tag":[],"_links":{"self":[{"href":"https:\/\/www.lesjouetsvoyageurs.com\/location\/wp-json\/wp\/v2\/product\/6365"}],"collection":[{"href":"https:\/\/www.lesjouetsvoyageurs.com\/location\/wp-json\/wp\/v2\/product"}],"about":[{"href":"https:\/\/www.lesjouetsvoyageurs.com\/location\/wp-json\/wp\/v2\/types\/product"}],"wp:featuredmedia":[{"embeddable":true,"href":"https:\/\/www.lesjouetsvoyageurs.com\/location\/wp-json\/wp\/v2\/media\/6366"}],"wp:attachment":[{"href":"https:\/\/www.lesjouetsvoyageurs.com\/location\/wp-json\/wp\/v2\/media?parent=6365"}],"wp:term":[{"taxonomy":"product_cat","embeddable":true,"href":"https:\/\/www.lesjouetsvoyageurs.com\/location\/wp-json\/wp\/v2\/product_cat?post=6365"},{"taxonomy":"product_tag","embeddable":true,"href":"https:\/\/www.lesjouetsvoyageurs.com\/location\/wp-json\/wp\/v2\/product_tag?post=6365"}],"curies":[{"name":"wp","href":"https:\/\/api.w.org\/{rel}","templated":true}]}}