{"id":6367,"date":"2022-09-20T16:42:48","date_gmt":"2022-09-20T14:42:48","guid":{"rendered":"https:\/\/www.lesjouetsvoyageurs.com\/location\/?post_type=product&#038;p=6367"},"modified":"2022-09-21T19:12:00","modified_gmt":"2022-09-21T17:12:00","slug":"jeu-cartes-pom-pom","status":"publish","type":"product","link":"https:\/\/www.lesjouetsvoyageurs.com\/location\/jouets\/jeu-cartes-pom-pom\/","title":{"rendered":"Jeu de cartes Pom Pom"},"content":{"rendered":"<p>Pom Pom est un jeu tactique o\u00f9 l&rsquo;on incarne un paysan dont la mission est de produire et vendre ses fruits et l\u00e9gumes.<\/p>\n<p>Dans ce jeu, il faut \u00eatre attentif aux saisons pour maximiser sa production. En faisant les bons choix, on maximise la valeur des paniers de fruits et l\u00e9gumes que l&rsquo;on vendra sur le march\u00e9. Mais lors de la production, il faudra parfois faire face \u00e0 des calamit\u00e9s comme la s\u00e9cheresse, le gel ou les rongeurs&#8230;<br \/>\n<span style=\"font-size: 14.4px;\"><br \/>\nLa bo\u00eete de Pom Pom contient la liste des fruits et l\u00e9gumes \u00e0 produire avec leur saisonnalit\u00e9. <\/span><\/p>\n<p>Pom Pom est un joli jeu pour 2 \u00e0 6 joueurs accessible d\u00e8s 6 ans.<\/p>\n<p>Dans la m\u00eame collection, d\u00e9couvrez \u00e9galement <a href=\"https:\/\/www.lesjouetsvoyageurs.com\/location\/jouets\/jeu-il-etait-une-foret\/\">Il \u00e9tait une for\u00eat<\/a>.<\/p>\n<p>Envie d&rsquo;en savoir plus sur les engagements de la marque?<br \/>\n\ud83d\udc49 Consultez la pr\u00e9sentation de <a href=\"https:\/\/www.jeux-opla.fr\/\" target=\"_blank\" rel=\"noopener\">Jeux Opla<\/a>.<\/p>\n<p><span style=\"font-size: 14.4px;\">\ud83d\udc95 Jeu sur le th\u00e8me des fruits et l\u00e9gumes<\/span><\/p>\n<p>LE PRIX ABONN\u00c9 C&rsquo;EST QUOI?<\/p>\n<p>Vous avez un coup de coeur pour un jouet propos\u00e9 \u00e0 la location?<br \/>\nNous vous proposons de garder chaque jouet lou\u00e9 \u00e0 un prix pr\u00e9f\u00e9rentiel, clairement indiqu\u00e9 sur chaque fiche.<\/p>\n","protected":false},"excerpt":{"rendered":"<p>Jeu Pom Pom<\/p>\n<p>\u2764 Jolies illustrations<br \/>\n\u2764 Parties rapides de 10 min environ<br \/>\n\u2764 2 \u00e0 6 joueurs d\u00e8s 6 ans<\/p>\n","protected":false},"featured_media":6411,"template":"","meta":[],"product_cat":[15],"product_tag":[],"_links":{"self":[{"href":"https:\/\/www.lesjouetsvoyageurs.com\/location\/wp-json\/wp\/v2\/product\/6367"}],"collection":[{"href":"https:\/\/www.lesjouetsvoyageurs.com\/location\/wp-json\/wp\/v2\/product"}],"about":[{"href":"https:\/\/www.lesjouetsvoyageurs.com\/location\/wp-json\/wp\/v2\/types\/product"}],"wp:featuredmedia":[{"embeddable":true,"href":"https:\/\/www.lesjouetsvoyageurs.com\/location\/wp-json\/wp\/v2\/media\/6411"}],"wp:attachment":[{"href":"https:\/\/www.lesjouetsvoyageurs.com\/location\/wp-json\/wp\/v2\/media?parent=6367"}],"wp:term":[{"taxonomy":"product_cat","embeddable":true,"href":"https:\/\/www.lesjouetsvoyageurs.com\/location\/wp-json\/wp\/v2\/product_cat?post=6367"},{"taxonomy":"product_tag","embeddable":true,"href":"https:\/\/www.lesjouetsvoyageurs.com\/location\/wp-json\/wp\/v2\/product_tag?post=6367"}],"curies":[{"name":"wp","href":"https:\/\/api.w.org\/{rel}","templated":true}]}}